{"id":1166,"date":"2021-09-15T22:50:50","date_gmt":"2021-09-15T22:50:50","guid":{"rendered":"http:\/\/www.zlatesperkyrb.cz.uvirt111.active24.cz\/?page_id=1166"},"modified":"2021-11-28T23:47:43","modified_gmt":"2021-11-28T23:47:43","slug":"zakazkove-a-modelove-sperky","status":"publish","type":"page","link":"https:\/\/zlatesperky-rb.cz\/?page_id=1166","title":{"rendered":"Modelov\u00e9 \u0161perky"},"content":{"rendered":"\n<div class=\"wp-block-columns\">\n<div class=\"wp-block-column\">\n<p class=\"has-text-align-center has-large-font-size\">Uk\u00e1zka na\u0161\u00ed pr\u00e1ce<\/p>\n\n\n\n<div class=\"wp-block-image is-style-rounded\"><figure class=\"aligncenter size-large\"><img loading=\"lazy\" width=\"1024\" height=\"1024\" src=\"http:\/\/zlatesperky-rb.cz\/wp-content\/uploads\/2021\/09\/Pr21018-1-1-1024x1024.jpg\" alt=\"\" class=\"wp-image-1167\" srcset=\"https:\/\/zlatesperky-rb.cz\/wp-content\/uploads\/2021\/09\/Pr21018-1-1-1024x1024.jpg 1024w, https:\/\/zlatesperky-rb.cz\/wp-content\/uploads\/2021\/09\/Pr21018-1-1-300x300.jpg 300w, https:\/\/zlatesperky-rb.cz\/wp-content\/uploads\/2021\/09\/Pr21018-1-1-150x150.jpg 150w, https:\/\/zlatesperky-rb.cz\/wp-content\/uploads\/2021\/09\/Pr21018-1-1-768x768.jpg 768w, https:\/\/zlatesperky-rb.cz\/wp-content\/uploads\/2021\/09\/Pr21018-1-1-324x324.jpg 324w, https:\/\/zlatesperky-rb.cz\/wp-content\/uploads\/2021\/09\/Pr21018-1-1-416x416.jpg 416w, https:\/\/zlatesperky-rb.cz\/wp-content\/uploads\/2021\/09\/Pr21018-1-1-100x100.jpg 100w, https:\/\/zlatesperky-rb.cz\/wp-content\/uploads\/2021\/09\/Pr21018-1-1.jpg 1495w\" sizes=\"(max-width: 1024px) 100vw, 1024px\" \/><\/figure><\/div>\n\n\n\n<p class=\"has-text-align-center\"> Zak\u00e1zkov\u00e9 \u0161perky byly vyrobeny podle p\u0159\u00e1n\u00ed  z\u00e1kazn\u00edka s ohledem na cenu, pou\u017eit\u00e9 kameny a technologii v\u00fdroby  <\/p>\n<\/div>\n\n\n\n<div class=\"wp-block-column\">\n<p class=\"has-text-align-center has-large-font-size\">Modelov\u00e9 \u0161perky<\/p>\n\n\n\n<div class=\"wp-block-image is-style-rounded\"><figure class=\"aligncenter size-large\"><a href=\"https:\/\/zlatesperky-rb.cz\/?product_cat=modelovy-sperk\"><img loading=\"lazy\" width=\"1024\" height=\"768\" src=\"http:\/\/zlatesperky-rb.cz\/wp-content\/uploads\/2021\/11\/P21037-2-scaled-e1636677921849-1024x768.jpg\" alt=\"\" class=\"wp-image-2042\" srcset=\"https:\/\/zlatesperky-rb.cz\/wp-content\/uploads\/2021\/11\/P21037-2-scaled-e1636677921849-1024x768.jpg 1024w, https:\/\/zlatesperky-rb.cz\/wp-content\/uploads\/2021\/11\/P21037-2-scaled-e1636677921849-300x225.jpg 300w, https:\/\/zlatesperky-rb.cz\/wp-content\/uploads\/2021\/11\/P21037-2-scaled-e1636677921849-768x576.jpg 768w, https:\/\/zlatesperky-rb.cz\/wp-content\/uploads\/2021\/11\/P21037-2-scaled-e1636677921849-1536x1152.jpg 1536w, https:\/\/zlatesperky-rb.cz\/wp-content\/uploads\/2021\/11\/P21037-2-scaled-e1636677921849-416x312.jpg 416w, https:\/\/zlatesperky-rb.cz\/wp-content\/uploads\/2021\/11\/P21037-2-scaled-e1636677921849.jpg 1817w\" sizes=\"(max-width: 1024px) 100vw, 1024px\" \/><\/a><\/figure><\/div>\n\n\n\n<p>Modelov\u00e9 \u0161perky jsou unik\u00e1tn\u00ed v\u00fdrobky, kter\u00e9  byly vyrobeny podle vlastn\u00edch n\u00e1vrh\u016f na\u0161eho designov\u00e9ho t\u00fdmu. Tyto \u0161perky jsou v\u017edy vyr\u00e1b\u011bny ru\u010dn\u011b tradi\u010dn\u00edmi postupy. P\u0159i jejich v\u00fdrob\u011b nebyly pou\u017eity \u017e\u00e1dn\u00e9 prefabrikovan\u00e9 d\u00edly. Tyto \u0161perky jsou unik\u00e1ty, shodn\u00e9 nen\u00ed mo\u017en\u00e9 vyrobit, proto\u017ee p\u0159i jejich vytv\u00e1\u0159en\u00ed byly pou\u017eity unik\u00e1tn\u00ed kusy kamen\u016f,   <\/p>\n<\/div>\n<\/div>\n\n\n\n<p><\/p>\n","protected":false},"excerpt":{"rendered":"<p>Uk\u00e1zka na\u0161\u00ed pr\u00e1ce Zak\u00e1zkov\u00e9 \u0161perky byly vyrobeny podle p\u0159\u00e1n\u00ed z\u00e1kazn\u00edka s ohledem na cenu, pou\u017eit\u00e9 kameny a technologii v\u00fdroby Modelov\u00e9 \u0161perky Modelov\u00e9 \u0161perky jsou unik\u00e1tn\u00ed v\u00fdrobky, kter\u00e9 byly vyrobeny podle vlastn\u00edch n\u00e1vrh\u016f na\u0161eho designov\u00e9ho t\u00fdmu. Tyto \u0161perky jsou v\u017edy vyr\u00e1b\u011bny ru\u010dn\u011b tradi\u010dn\u00edmi postupy. P\u0159i jejich v\u00fdrob\u011b nebyly pou\u017eity \u017e\u00e1dn\u00e9 prefabrikovan\u00e9 d\u00edly. Tyto \u0161perky jsou unik\u00e1ty, [&hellip;]<\/p>\n","protected":false},"author":1,"featured_media":0,"parent":0,"menu_order":0,"comment_status":"closed","ping_status":"closed","template":"","meta":[],"_links":{"self":[{"href":"https:\/\/zlatesperky-rb.cz\/index.php?rest_route=\/wp\/v2\/pages\/1166"}],"collection":[{"href":"https:\/\/zlatesperky-rb.cz\/index.php?rest_route=\/wp\/v2\/pages"}],"about":[{"href":"https:\/\/zlatesperky-rb.cz\/index.php?rest_route=\/wp\/v2\/types\/page"}],"author":[{"embeddable":true,"href":"https:\/\/zlatesperky-rb.cz\/index.php?rest_route=\/wp\/v2\/users\/1"}],"replies":[{"embeddable":true,"href":"https:\/\/zlatesperky-rb.cz\/index.php?rest_route=%2Fwp%2Fv2%2Fcomments&post=1166"}],"version-history":[{"count":19,"href":"https:\/\/zlatesperky-rb.cz\/index.php?rest_route=\/wp\/v2\/pages\/1166\/revisions"}],"predecessor-version":[{"id":2402,"href":"https:\/\/zlatesperky-rb.cz\/index.php?rest_route=\/wp\/v2\/pages\/1166\/revisions\/2402"}],"wp:attachment":[{"href":"https:\/\/zlatesperky-rb.cz\/index.php?rest_route=%2Fwp%2Fv2%2Fmedia&parent=1166"}],"curies":[{"name":"wp","href":"https:\/\/api.w.org\/{rel}","templated":true}]}}