{"id":1001,"date":"2021-09-08T22:19:58","date_gmt":"2021-09-08T22:19:58","guid":{"rendered":"http:\/\/www.zlatesperkyrb.cz.uvirt111.active24.cz\/?post_type=product&#038;p=1001"},"modified":"2026-03-14T07:02:10","modified_gmt":"2026-03-14T07:02:10","slug":"prsten-20","status":"publish","type":"product","link":"https:\/\/zlatesperky-rb.cz\/?product=prsten-20","title":{"rendered":"Prsten diamantov\u00fd"},"content":{"rendered":"<p>Prod\u00e1no<\/p>\n<p>Prsten diamantov\u00fd z\u00e1snubn\u00ed ru\u010dn\u011b vyr\u00e1b\u011bn v b\u00edl\u00e9m zlat\u011b 14 kr .<\/p>\n<p>Prsten lze vyrobit i v jin\u00e9 barv\u011b zlata \/r\u016f\u017eov\u00e9,\u017elut\u00e9\/<\/p>\n","protected":false},"excerpt":{"rendered":"<ul>\n<li>v\u00e1ha prstenu\u00a0 2,07 g<\/li>\n<li>velikost prstenu 53<\/li>\n<li>velikost diamantu 0,10ct<\/li>\n<li>kvalita diamantu Si1G<\/li>\n<\/ul>\n","protected":false},"featured_media":990,"template":"","meta":[],"product_cat":[20,27],"product_tag":[],"_links":{"self":[{"href":"https:\/\/zlatesperky-rb.cz\/index.php?rest_route=\/wp\/v2\/product\/1001"}],"collection":[{"href":"https:\/\/zlatesperky-rb.cz\/index.php?rest_route=\/wp\/v2\/product"}],"about":[{"href":"https:\/\/zlatesperky-rb.cz\/index.php?rest_route=\/wp\/v2\/types\/product"}],"wp:featuredmedia":[{"embeddable":true,"href":"https:\/\/zlatesperky-rb.cz\/index.php?rest_route=\/wp\/v2\/media\/990"}],"wp:attachment":[{"href":"https:\/\/zlatesperky-rb.cz\/index.php?rest_route=%2Fwp%2Fv2%2Fmedia&parent=1001"}],"wp:term":[{"taxonomy":"product_cat","embeddable":true,"href":"https:\/\/zlatesperky-rb.cz\/index.php?rest_route=%2Fwp%2Fv2%2Fproduct_cat&post=1001"},{"taxonomy":"product_tag","embeddable":true,"href":"https:\/\/zlatesperky-rb.cz\/index.php?rest_route=%2Fwp%2Fv2%2Fproduct_tag&post=1001"}],"curies":[{"name":"wp","href":"https:\/\/api.w.org\/{rel}","templated":true}]}}