{"id":1073,"date":"2021-09-13T23:02:17","date_gmt":"2021-09-13T23:02:17","guid":{"rendered":"http:\/\/www.zlatesperkyrb.cz.uvirt111.active24.cz\/?post_type=product&#038;p=1073"},"modified":"2021-09-17T23:35:59","modified_gmt":"2021-09-17T23:35:59","slug":"set","status":"publish","type":"product","link":"https:\/\/zlatesperky-rb.cz\/?product=set","title":{"rendered":"Set"},"content":{"rendered":"<p>N\u00e1u\u0161nice jsou ru\u010dn\u011b vyr\u00e1b\u011bn\u00e9 s p\u0159\u00edrodn\u00ed perlet\u00ed vybrou\u0161enou do tzn.\u0161achovnicov\u00fd brus.<\/p>\n<p>N\u00e1hrdeln\u00edk je ru\u010dn\u00ed v\u00fdroba t\u00e9\u017e s p\u0159\u00edrodn\u00ed perlet\u00ed v \u0161achovnicov\u00e9m brusu.<\/p>\n<p>Oba v\u00fdrobky lze vyrobit t\u00e9\u017e s jin\u00fdmi kameny\/l\u00e1pis,malachit,ametyst ,r\u016f\u017een\u00edn,onyx.\/<\/p>\n","protected":false},"excerpt":{"rendered":"<ul>\n<li>v\u00e1ha n\u00e1u\u0161nic\u00a0 2,7 g<\/li>\n<li>velikost perleti\u00a0 11&#215;11 mm<\/li>\n<li>d\u00e9lka n\u00e1u\u0161nice 20 mm<\/li>\n<li>cena\u00a0 n\u00e1u\u0161nic 8900 k\u010d<\/li>\n<li>v\u00e1ha n\u00e1hrdeln\u00edku 3,4 g<\/li>\n<li>d\u00e9lka n\u00e1hrdeln\u00edku 42 cm<\/li>\n<li>cena\u00a0 n\u00e1hrdeln\u00edku 9900 k\u010d<\/li>\n<\/ul>\n","protected":false},"featured_media":1076,"template":"","meta":[],"product_cat":[19],"product_tag":[],"_links":{"self":[{"href":"https:\/\/zlatesperky-rb.cz\/index.php?rest_route=\/wp\/v2\/product\/1073"}],"collection":[{"href":"https:\/\/zlatesperky-rb.cz\/index.php?rest_route=\/wp\/v2\/product"}],"about":[{"href":"https:\/\/zlatesperky-rb.cz\/index.php?rest_route=\/wp\/v2\/types\/product"}],"wp:featuredmedia":[{"embeddable":true,"href":"https:\/\/zlatesperky-rb.cz\/index.php?rest_route=\/wp\/v2\/media\/1076"}],"wp:attachment":[{"href":"https:\/\/zlatesperky-rb.cz\/index.php?rest_route=%2Fwp%2Fv2%2Fmedia&parent=1073"}],"wp:term":[{"taxonomy":"product_cat","embeddable":true,"href":"https:\/\/zlatesperky-rb.cz\/index.php?rest_route=%2Fwp%2Fv2%2Fproduct_cat&post=1073"},{"taxonomy":"product_tag","embeddable":true,"href":"https:\/\/zlatesperky-rb.cz\/index.php?rest_route=%2Fwp%2Fv2%2Fproduct_tag&post=1073"}],"curies":[{"name":"wp","href":"https:\/\/api.w.org\/{rel}","templated":true}]}}