{"id":1159,"date":"2021-09-15T22:24:21","date_gmt":"2021-09-15T22:24:21","guid":{"rendered":"http:\/\/www.zlatesperkyrb.cz.uvirt111.active24.cz\/?post_type=product&#038;p=1159"},"modified":"2021-09-29T11:55:02","modified_gmt":"2021-09-29T11:55:02","slug":"souprava-6","status":"publish","type":"product","link":"https:\/\/zlatesperky-rb.cz\/?product=souprava-6","title":{"rendered":"N\u00e1u\u0161nice s mo\u0159sk\u00fdm kor\u00e1lem"},"content":{"rendered":"<p>N\u00e1u\u0161nice zlat\u00e9 s mo\u0159sk\u00fdm kor\u00e1lem vyroben\u00e9 ru\u010dn\u011b ze 14 kr b\u00edl\u00e9ho zlata. Mo\u0159sk\u00fd kor\u00e1l je vybrou\u0161en do tvaru r\u016f\u017ee, kter\u00e1 m\u00e1 lososovou barvu, nad r\u016f\u017e\u00ed je z b\u00edl\u00e9ho zlata je ru\u010dn\u011b\u00a0 vypilovan\u00fd\u00a0 l\u00edstek, kter\u00fd dopln\u00ed vzhled n\u00e1u\u0161nice.\u00a0 n\u00e1u\u0161nice m\u00e1 patentov\u00e9 zap\u00edn\u00e1n\u00ed a dob\u0159e se nos\u00ed.<\/p>\n","protected":false},"excerpt":{"rendered":"<ul>\n<li>v\u00e1ha zlata 1,9 g \/14 kr \/<\/li>\n<li>velikost n\u00e1u\u0161nice 20 mm<\/li>\n<li>zap\u00edn\u00e1n\u00ed patent<\/li>\n<\/ul>\n","protected":false},"featured_media":1147,"template":"","meta":[],"product_cat":[22,29],"product_tag":[],"_links":{"self":[{"href":"https:\/\/zlatesperky-rb.cz\/index.php?rest_route=\/wp\/v2\/product\/1159"}],"collection":[{"href":"https:\/\/zlatesperky-rb.cz\/index.php?rest_route=\/wp\/v2\/product"}],"about":[{"href":"https:\/\/zlatesperky-rb.cz\/index.php?rest_route=\/wp\/v2\/types\/product"}],"wp:featuredmedia":[{"embeddable":true,"href":"https:\/\/zlatesperky-rb.cz\/index.php?rest_route=\/wp\/v2\/media\/1147"}],"wp:attachment":[{"href":"https:\/\/zlatesperky-rb.cz\/index.php?rest_route=%2Fwp%2Fv2%2Fmedia&parent=1159"}],"wp:term":[{"taxonomy":"product_cat","embeddable":true,"href":"https:\/\/zlatesperky-rb.cz\/index.php?rest_route=%2Fwp%2Fv2%2Fproduct_cat&post=1159"},{"taxonomy":"product_tag","embeddable":true,"href":"https:\/\/zlatesperky-rb.cz\/index.php?rest_route=%2Fwp%2Fv2%2Fproduct_tag&post=1159"}],"curies":[{"name":"wp","href":"https:\/\/api.w.org\/{rel}","templated":true}]}}