{"id":1188,"date":"2021-09-16T06:47:54","date_gmt":"2021-09-16T06:47:54","guid":{"rendered":"http:\/\/www.zlatesperkyrb.cz.uvirt111.active24.cz\/?post_type=product&#038;p=1188"},"modified":"2021-09-28T10:14:02","modified_gmt":"2021-09-28T10:14:02","slug":"souprava-9","status":"publish","type":"product","link":"https:\/\/zlatesperky-rb.cz\/?product=souprava-9","title":{"rendered":"Souprava"},"content":{"rendered":"<p>Bro\u017e i prsten jsou ru\u010dn\u011b vyroben\u00e9 ze 14 kr b\u00edl\u00e9ho zlata s p\u0159\u00edrodn\u00edm kamenem Morganit r\u016f\u017eov\u00e9 barvy.<\/p>\n<p>Prsten m\u00e1 jemnou obrou\u010dku a \u0161at\u00f3nov\u00e9 uchycen\u00ed kamene.<\/p>\n<p>Bro\u017e tvaru kv\u011btiny m\u00e1 stonek\u00a0 zdoben diamanty,kter\u00e9 jsou ru\u010dn\u011b vsazovan\u00e9.<\/p>\n<p>Bro\u017e i prsten lze koupit odd\u011blen\u011b.<\/p>\n","protected":false},"excerpt":{"rendered":"<ul>\n<li>v\u00e1ha prstenu 2,10 g \/14 kr\/<\/li>\n<li>velikost prstenu 55<\/li>\n<li>velikost kamene 5 mm 0,40ct Morganit<\/li>\n<li>cena prstenu 7500 k\u010d<\/li>\n<li>v\u00e1ha bro\u017ee 3,84 g \/ 14 kr \/<\/li>\n<li>v\u00e1ha kamenu 2,4 ct 6 ks<\/li>\n<li>v\u00e1ha diamantu 0,12 ct Si1 H 9 ks<\/li>\n<li>velikost bro\u017ee 40 mm x 17 mm<\/li>\n<li>cena bro\u017ee 38900 k\u010d<\/li>\n<\/ul>\n","protected":false},"featured_media":821,"template":"","meta":[],"product_cat":[30,19,20,27],"product_tag":[],"_links":{"self":[{"href":"https:\/\/zlatesperky-rb.cz\/index.php?rest_route=\/wp\/v2\/product\/1188"}],"collection":[{"href":"https:\/\/zlatesperky-rb.cz\/index.php?rest_route=\/wp\/v2\/product"}],"about":[{"href":"https:\/\/zlatesperky-rb.cz\/index.php?rest_route=\/wp\/v2\/types\/product"}],"wp:featuredmedia":[{"embeddable":true,"href":"https:\/\/zlatesperky-rb.cz\/index.php?rest_route=\/wp\/v2\/media\/821"}],"wp:attachment":[{"href":"https:\/\/zlatesperky-rb.cz\/index.php?rest_route=%2Fwp%2Fv2%2Fmedia&parent=1188"}],"wp:term":[{"taxonomy":"product_cat","embeddable":true,"href":"https:\/\/zlatesperky-rb.cz\/index.php?rest_route=%2Fwp%2Fv2%2Fproduct_cat&post=1188"},{"taxonomy":"product_tag","embeddable":true,"href":"https:\/\/zlatesperky-rb.cz\/index.php?rest_route=%2Fwp%2Fv2%2Fproduct_tag&post=1188"}],"curies":[{"name":"wp","href":"https:\/\/api.w.org\/{rel}","templated":true}]}}