{"id":1238,"date":"2021-09-17T20:43:35","date_gmt":"2021-09-17T20:43:35","guid":{"rendered":"http:\/\/www.zlatesperkyrb.cz.uvirt111.active24.cz\/?post_type=product&#038;p=1238"},"modified":"2026-03-15T12:39:20","modified_gmt":"2026-03-15T12:39:20","slug":"naramek-11","status":"publish","type":"product","link":"https:\/\/zlatesperky-rb.cz\/?product=naramek-11","title":{"rendered":"N\u00e1ramek"},"content":{"rendered":"<p>N\u00e1ramek je ru\u010dn\u011b vyroben ze 14 kr \u017elut\u00e9ho\u00a0 zlata s p\u0159\u00edrodn\u00edm kamenem \/ametyst\/ a p\u0159\u00edrodn\u00ed perlet\u00ed vybrou\u0161enou do \u0161achovnicov\u00e9ho brusu .<\/p>\n<p>N\u00e1ramek je vyroben jeden model a dal\u0161\u00ed se mohou m\u011bnit barvou kamene \u010di perlet\u00ed.<\/p>\n","protected":false},"excerpt":{"rendered":"<p>Zak\u00e1zkov\u00e1 v\u00fdroba<\/p>\n<ul>\n<li>v\u00e1ha zlata 7,15g \/ 14 kr \/<\/li>\n<li>d\u00e9lka n\u00e1ramku 18 cm<\/li>\n<li>pr\u016fm\u011br\u00a0 kamene ametyst\u00a0 10 mm 4 ks<\/li>\n<li>velikost perleti\u00a0 11 x 11 mm 5 ks<\/li>\n<\/ul>\n","protected":false},"featured_media":1234,"template":"","meta":[],"product_cat":[21],"product_tag":[],"_links":{"self":[{"href":"https:\/\/zlatesperky-rb.cz\/index.php?rest_route=\/wp\/v2\/product\/1238"}],"collection":[{"href":"https:\/\/zlatesperky-rb.cz\/index.php?rest_route=\/wp\/v2\/product"}],"about":[{"href":"https:\/\/zlatesperky-rb.cz\/index.php?rest_route=\/wp\/v2\/types\/product"}],"wp:featuredmedia":[{"embeddable":true,"href":"https:\/\/zlatesperky-rb.cz\/index.php?rest_route=\/wp\/v2\/media\/1234"}],"wp:attachment":[{"href":"https:\/\/zlatesperky-rb.cz\/index.php?rest_route=%2Fwp%2Fv2%2Fmedia&parent=1238"}],"wp:term":[{"taxonomy":"product_cat","embeddable":true,"href":"https:\/\/zlatesperky-rb.cz\/index.php?rest_route=%2Fwp%2Fv2%2Fproduct_cat&post=1238"},{"taxonomy":"product_tag","embeddable":true,"href":"https:\/\/zlatesperky-rb.cz\/index.php?rest_route=%2Fwp%2Fv2%2Fproduct_tag&post=1238"}],"curies":[{"name":"wp","href":"https:\/\/api.w.org\/{rel}","templated":true}]}}