{"id":1241,"date":"2021-09-17T21:20:10","date_gmt":"2021-09-17T21:20:10","guid":{"rendered":"http:\/\/www.zlatesperkyrb.cz.uvirt111.active24.cz\/?post_type=product&#038;p=1241"},"modified":"2021-09-27T15:19:14","modified_gmt":"2021-09-27T15:19:14","slug":"prsten-34","status":"publish","type":"product","link":"https:\/\/zlatesperky-rb.cz\/?product=prsten-34","title":{"rendered":"Prsten"},"content":{"rendered":"<p>Zlat\u00fd prsten vyroben ze \u017elut\u00e9ho zlata 14 kr.<\/p>\n<p>Prsten je 4 x omotan\u00fd kolem prstu je n\u00edzk\u00fd bez\u00a0 dal\u0161\u00edch ozdob p\u016fsob\u00ed velice zaj\u00edmav\u011b.<\/p>\n","protected":false},"excerpt":{"rendered":"<ul>\n<li>v\u00e1ha prstenu 7,45 g \/ 14 kr \/<\/li>\n<li>velikost 58<\/li>\n<li>\u0161\u00ed\u0159e prstenu 26 mm x 11 mm<\/li>\n<\/ul>\n","protected":false},"featured_media":1086,"template":"","meta":[],"product_cat":[20,26],"product_tag":[],"_links":{"self":[{"href":"https:\/\/zlatesperky-rb.cz\/index.php?rest_route=\/wp\/v2\/product\/1241"}],"collection":[{"href":"https:\/\/zlatesperky-rb.cz\/index.php?rest_route=\/wp\/v2\/product"}],"about":[{"href":"https:\/\/zlatesperky-rb.cz\/index.php?rest_route=\/wp\/v2\/types\/product"}],"wp:featuredmedia":[{"embeddable":true,"href":"https:\/\/zlatesperky-rb.cz\/index.php?rest_route=\/wp\/v2\/media\/1086"}],"wp:attachment":[{"href":"https:\/\/zlatesperky-rb.cz\/index.php?rest_route=%2Fwp%2Fv2%2Fmedia&parent=1241"}],"wp:term":[{"taxonomy":"product_cat","embeddable":true,"href":"https:\/\/zlatesperky-rb.cz\/index.php?rest_route=%2Fwp%2Fv2%2Fproduct_cat&post=1241"},{"taxonomy":"product_tag","embeddable":true,"href":"https:\/\/zlatesperky-rb.cz\/index.php?rest_route=%2Fwp%2Fv2%2Fproduct_tag&post=1241"}],"curies":[{"name":"wp","href":"https:\/\/api.w.org\/{rel}","templated":true}]}}