{"id":1278,"date":"2021-09-18T00:55:20","date_gmt":"2021-09-18T00:55:20","guid":{"rendered":"http:\/\/www.zlatesperkyrb.cz.uvirt111.active24.cz\/?post_type=product&#038;p=1278"},"modified":"2021-09-27T14:36:12","modified_gmt":"2021-09-27T14:36:12","slug":"set-2","status":"publish","type":"product","link":"https:\/\/zlatesperky-rb.cz\/?product=set-2","title":{"rendered":"Set diamantov\u00fd"},"content":{"rendered":"<p>N\u00e1u\u0161nice diamantov\u00e9 vyrobeny z b\u00edl\u00e9ho zlata 14 kr\u00a0 ru\u010dn\u00ed pr\u00e1ce,ka\u017ed\u00e1 n\u00e1u\u0161nice m\u00e1 3 kapky\u00a0 postupn\u011b\u00a0 zv\u011bt\u0161ovan\u00e9.<\/p>\n<p>N\u00e1hrdeln\u00edk s diamanty je vyroben z b\u00edl\u00e9ho zlata 14 kr\u00a0 ru\u010dn\u00ed pr\u00e1ce.<\/p>\n<p>Na jemn\u00e9m \u0159et\u00edzku vis\u00ed 7 kapi\u010dek,kter\u00e9 se do st\u0159edu zv\u011bt\u0161uj\u00ed a jsou zdoben\u00e9 diamanty.<\/p>\n<p>Lze koupit i jednotliv\u011b.<\/p>\n","protected":false},"excerpt":{"rendered":"<ul>\n<li>v\u00e1ha n\u00e1u\u0161nic 2,28 g\/14 kr \/<\/li>\n<li>v\u00e1ha diamantu 0,08 ct Si1 H\u00a0 \/6 ks \/<\/li>\n<li>d\u00e9lka n\u00e1u\u0161nic 32 mm<\/li>\n<li>zap\u00edn\u00e1n\u00ed \u0161roubovac\u00ed \/bal\u00f3nek\/<\/li>\n<li>cena n\u00e1u\u0161nic 11500 k\u010d<\/li>\n<li>v\u00e1ha n\u00e1hrdeln\u00edku 3,4g \/ 14 kr \/<\/li>\n<li>d\u00e9lka n\u00e1hrdeln\u00edku 43 -45 cm<\/li>\n<li>v\u00e1ha diamant\u016f 0,09 ct\u00a0 Si1 H \/ 7 ks \/<\/li>\n<li>cena n\u00e1hrdeln\u00edku 13900 k\u010d<\/li>\n<\/ul>\n","protected":false},"featured_media":781,"template":"","meta":[],"product_cat":[19],"product_tag":[],"_links":{"self":[{"href":"https:\/\/zlatesperky-rb.cz\/index.php?rest_route=\/wp\/v2\/product\/1278"}],"collection":[{"href":"https:\/\/zlatesperky-rb.cz\/index.php?rest_route=\/wp\/v2\/product"}],"about":[{"href":"https:\/\/zlatesperky-rb.cz\/index.php?rest_route=\/wp\/v2\/types\/product"}],"wp:featuredmedia":[{"embeddable":true,"href":"https:\/\/zlatesperky-rb.cz\/index.php?rest_route=\/wp\/v2\/media\/781"}],"wp:attachment":[{"href":"https:\/\/zlatesperky-rb.cz\/index.php?rest_route=%2Fwp%2Fv2%2Fmedia&parent=1278"}],"wp:term":[{"taxonomy":"product_cat","embeddable":true,"href":"https:\/\/zlatesperky-rb.cz\/index.php?rest_route=%2Fwp%2Fv2%2Fproduct_cat&post=1278"},{"taxonomy":"product_tag","embeddable":true,"href":"https:\/\/zlatesperky-rb.cz\/index.php?rest_route=%2Fwp%2Fv2%2Fproduct_tag&post=1278"}],"curies":[{"name":"wp","href":"https:\/\/api.w.org\/{rel}","templated":true}]}}