{"id":1483,"date":"2021-10-06T23:25:06","date_gmt":"2021-10-06T23:25:06","guid":{"rendered":"http:\/\/www.zlatesperkyrb.cz.uvirt111.active24.cz\/?post_type=product&#038;p=1483"},"modified":"2021-10-11T10:55:44","modified_gmt":"2021-10-11T10:55:44","slug":"prsten-39","status":"publish","type":"product","link":"https:\/\/zlatesperky-rb.cz\/?product=prsten-39","title":{"rendered":"Prsten"},"content":{"rendered":"<p>Prsten vyroben v b\u00edl\u00e9m 14 kr zlat\u011b s \u010derven\u00fdmi rub\u00edny ru\u010dn\u011b vsazovan\u00e9.<\/p>\n<p>Prsten lze vyrobit na zak\u00e1zku ve \u017elut\u00e9m zlat\u011b\u00a0 s b\u00edl\u00fdmi kameny .<\/p>\n<p>Prsten lze vyrobit na zak\u00e1zku i s p\u0159\u00edrodn\u00edmi drahokamy. \/diamanty ,saf\u00edry ,rub\u00edny,\/<\/p>\n","protected":false},"excerpt":{"rendered":"<ul>\n<li>v\u00e1ha prstenu 1,70 g \/14 kr \/<\/li>\n<li>velikost prstenu 56<\/li>\n<li>\u0161\u00ed\u0159e prstenu 2,6 mm<\/li>\n<li>po\u010det synt. rub\u00ednu 10 ks.<\/li>\n<\/ul>\n","protected":false},"featured_media":356,"template":"","meta":[],"product_cat":[20,27],"product_tag":[],"_links":{"self":[{"href":"https:\/\/zlatesperky-rb.cz\/index.php?rest_route=\/wp\/v2\/product\/1483"}],"collection":[{"href":"https:\/\/zlatesperky-rb.cz\/index.php?rest_route=\/wp\/v2\/product"}],"about":[{"href":"https:\/\/zlatesperky-rb.cz\/index.php?rest_route=\/wp\/v2\/types\/product"}],"wp:featuredmedia":[{"embeddable":true,"href":"https:\/\/zlatesperky-rb.cz\/index.php?rest_route=\/wp\/v2\/media\/356"}],"wp:attachment":[{"href":"https:\/\/zlatesperky-rb.cz\/index.php?rest_route=%2Fwp%2Fv2%2Fmedia&parent=1483"}],"wp:term":[{"taxonomy":"product_cat","embeddable":true,"href":"https:\/\/zlatesperky-rb.cz\/index.php?rest_route=%2Fwp%2Fv2%2Fproduct_cat&post=1483"},{"taxonomy":"product_tag","embeddable":true,"href":"https:\/\/zlatesperky-rb.cz\/index.php?rest_route=%2Fwp%2Fv2%2Fproduct_tag&post=1483"}],"curies":[{"name":"wp","href":"https:\/\/api.w.org\/{rel}","templated":true}]}}