{"id":1507,"date":"2021-10-07T15:37:23","date_gmt":"2021-10-07T15:37:23","guid":{"rendered":"http:\/\/www.zlatesperkyrb.cz.uvirt111.active24.cz\/?post_type=product&#038;p=1507"},"modified":"2021-10-11T09:39:57","modified_gmt":"2021-10-11T09:39:57","slug":"prsten-41","status":"publish","type":"product","link":"https:\/\/zlatesperky-rb.cz\/?product=prsten-41","title":{"rendered":"Prsten"},"content":{"rendered":"<p>Perlov\u00fd prsten je ru\u010dn\u011b vyroben ze 14 kr zlata\u00a0 \u017elut\u00e9 barvy s kr\u00e1snou mo\u0159skou \u010dernou perlou .<\/p>\n<p>Prsten je origin\u00e1l a lze ho koupit pouze v kamenn\u00e9m obchod\u011b na na\u0161\u00ed adrese.<\/p>\n","protected":false},"excerpt":{"rendered":"<ul>\n<li>v\u00e1ha prstenu 7,95 g \/14 kr \/<\/li>\n<li>velikost perly 14,8 mm A 3<\/li>\n<li>barva perly \u010dernozelen\u00e1<\/li>\n<li>perla p\u0159\u00edrodn\u00ed mo\u0159sk\u00e1 Tahiti<\/li>\n<li>cena info.v obchod\u011b<\/li>\n<\/ul>\n","protected":false},"featured_media":750,"template":"","meta":[],"product_cat":[20,27],"product_tag":[],"_links":{"self":[{"href":"https:\/\/zlatesperky-rb.cz\/index.php?rest_route=\/wp\/v2\/product\/1507"}],"collection":[{"href":"https:\/\/zlatesperky-rb.cz\/index.php?rest_route=\/wp\/v2\/product"}],"about":[{"href":"https:\/\/zlatesperky-rb.cz\/index.php?rest_route=\/wp\/v2\/types\/product"}],"wp:featuredmedia":[{"embeddable":true,"href":"https:\/\/zlatesperky-rb.cz\/index.php?rest_route=\/wp\/v2\/media\/750"}],"wp:attachment":[{"href":"https:\/\/zlatesperky-rb.cz\/index.php?rest_route=%2Fwp%2Fv2%2Fmedia&parent=1507"}],"wp:term":[{"taxonomy":"product_cat","embeddable":true,"href":"https:\/\/zlatesperky-rb.cz\/index.php?rest_route=%2Fwp%2Fv2%2Fproduct_cat&post=1507"},{"taxonomy":"product_tag","embeddable":true,"href":"https:\/\/zlatesperky-rb.cz\/index.php?rest_route=%2Fwp%2Fv2%2Fproduct_tag&post=1507"}],"curies":[{"name":"wp","href":"https:\/\/api.w.org\/{rel}","templated":true}]}}