{"id":1512,"date":"2021-10-07T15:47:07","date_gmt":"2021-10-07T15:47:07","guid":{"rendered":"http:\/\/www.zlatesperkyrb.cz.uvirt111.active24.cz\/?post_type=product&#038;p=1512"},"modified":"2021-10-11T10:15:34","modified_gmt":"2021-10-11T10:15:34","slug":"nausnice-25","status":"publish","type":"product","link":"https:\/\/zlatesperky-rb.cz\/?product=nausnice-25","title":{"rendered":"N\u00e1u\u0161nice"},"content":{"rendered":"<p>N\u00e1u\u0161nice vyroben\u00e9 z b\u00edleho 14 kr zlata s p\u0159\u00edrodn\u00edm kamenem vybrou\u0161en\u00fd do brusu \/ROUTY\/<\/p>\n<p>cena se mu\u017ee l\u00ed\u0161it od velikosti kamene nebo typu kamene ,<\/p>\n<p>kamen do n\u00e1u\u0161nic mu\u017ee b\u00fdt \u010dir\u00fd,fialov\u00fd \/ametyst\/hn\u011bd\u00fd \/z\u00e1hn\u011bda\/ \u017elut\u00fd \/citr\u00edn\/.<\/p>\n","protected":false},"excerpt":{"rendered":"<ul>\n<li>n\u00e1u\u0161nice s p\u0159\u00edrodn\u00edm k\u0159i\u0161t&#8217;\u00e1lem<\/li>\n<li>velikost kamene 8 mm &#8211; 10 mm<\/li>\n<li>zav\u011b\u0161en\u00fd kamen \/zirkon\/<\/li>\n<li>zap\u00edn\u00e1n\u00ed patentov\u00e9<\/li>\n<li>cena dle velikosti a kvality kamene.<\/li>\n<li>cena 8800 k\u010d a\u017e 15900 k\u010d<\/li>\n<\/ul>\n","protected":false},"featured_media":672,"template":"","meta":[],"product_cat":[22,29,24],"product_tag":[],"_links":{"self":[{"href":"https:\/\/zlatesperky-rb.cz\/index.php?rest_route=\/wp\/v2\/product\/1512"}],"collection":[{"href":"https:\/\/zlatesperky-rb.cz\/index.php?rest_route=\/wp\/v2\/product"}],"about":[{"href":"https:\/\/zlatesperky-rb.cz\/index.php?rest_route=\/wp\/v2\/types\/product"}],"wp:featuredmedia":[{"embeddable":true,"href":"https:\/\/zlatesperky-rb.cz\/index.php?rest_route=\/wp\/v2\/media\/672"}],"wp:attachment":[{"href":"https:\/\/zlatesperky-rb.cz\/index.php?rest_route=%2Fwp%2Fv2%2Fmedia&parent=1512"}],"wp:term":[{"taxonomy":"product_cat","embeddable":true,"href":"https:\/\/zlatesperky-rb.cz\/index.php?rest_route=%2Fwp%2Fv2%2Fproduct_cat&post=1512"},{"taxonomy":"product_tag","embeddable":true,"href":"https:\/\/zlatesperky-rb.cz\/index.php?rest_route=%2Fwp%2Fv2%2Fproduct_tag&post=1512"}],"curies":[{"name":"wp","href":"https:\/\/api.w.org\/{rel}","templated":true}]}}