{"id":1608,"date":"2021-10-20T07:26:09","date_gmt":"2021-10-20T07:26:09","guid":{"rendered":"http:\/\/www.zlatesperkyrb.cz.uvirt111.active24.cz\/?post_type=product&#038;p=1608"},"modified":"2021-11-23T12:16:04","modified_gmt":"2021-11-23T12:16:04","slug":"retizek-9","status":"publish","type":"product","link":"https:\/\/zlatesperky-rb.cz\/?product=retizek-9","title":{"rendered":"\u0158et\u00edzek"},"content":{"rendered":"<p>Zlat\u00fd \u0159et\u00edzek ze \u017elut\u00e9ho 14 kr zlata tzn\u00a0 &#8222;lamb\u00e1da&#8220; je elegantn\u011b dlouh\u00fd je mo\u017en\u00e9 na zak\u00e1zku vyrobit krat\u0161\u00ed.<\/p>\n","protected":false},"excerpt":{"rendered":"<ul>\n<li>v\u00e1ha zlat\u00e9ho \u0159et\u00edzku 12,75 g \/14 kr \/<\/li>\n<li>d\u00e9lka \u0159et\u00edzku 80 cm<\/li>\n<li>\u0161\u00ed\u0159e \u0159et\u00edzku 2,85mm<\/li>\n<li>zap\u00edn\u00e1n\u00ed karabinka 14 kr<\/li>\n<\/ul>\n","protected":false},"featured_media":1571,"template":"","meta":[],"product_cat":[34,32],"product_tag":[],"_links":{"self":[{"href":"https:\/\/zlatesperky-rb.cz\/index.php?rest_route=\/wp\/v2\/product\/1608"}],"collection":[{"href":"https:\/\/zlatesperky-rb.cz\/index.php?rest_route=\/wp\/v2\/product"}],"about":[{"href":"https:\/\/zlatesperky-rb.cz\/index.php?rest_route=\/wp\/v2\/types\/product"}],"wp:featuredmedia":[{"embeddable":true,"href":"https:\/\/zlatesperky-rb.cz\/index.php?rest_route=\/wp\/v2\/media\/1571"}],"wp:attachment":[{"href":"https:\/\/zlatesperky-rb.cz\/index.php?rest_route=%2Fwp%2Fv2%2Fmedia&parent=1608"}],"wp:term":[{"taxonomy":"product_cat","embeddable":true,"href":"https:\/\/zlatesperky-rb.cz\/index.php?rest_route=%2Fwp%2Fv2%2Fproduct_cat&post=1608"},{"taxonomy":"product_tag","embeddable":true,"href":"https:\/\/zlatesperky-rb.cz\/index.php?rest_route=%2Fwp%2Fv2%2Fproduct_tag&post=1608"}],"curies":[{"name":"wp","href":"https:\/\/api.w.org\/{rel}","templated":true}]}}