{"id":1686,"date":"2021-10-21T15:50:49","date_gmt":"2021-10-21T15:50:49","guid":{"rendered":"http:\/\/www.zlatesperkyrb.cz.uvirt111.active24.cz\/?post_type=product&#038;p=1686"},"modified":"2026-03-15T12:44:46","modified_gmt":"2026-03-15T12:44:46","slug":"naramek-16","status":"publish","type":"product","link":"https:\/\/zlatesperky-rb.cz\/?product=naramek-16","title":{"rendered":"N\u00e1ramek"},"content":{"rendered":"<p>N\u00e1ramek je z b\u00edl\u00e9ho 14 kr zlata tzn.hr\u00e1\u0161kov\u00fd velmi obl\u00edben\u00fd a modern\u00ed n\u00e1ramek.<\/p>\n","protected":false},"excerpt":{"rendered":"<ul>\n<li>v\u00e1ha n\u00e1ramku 4,4g \/14 kr \/<\/li>\n<li>d\u00e9lka n\u00e1ramku 19 cm<\/li>\n<li>zap\u00edn\u00e1n\u00ed p\u00e9rov\u00fd krou\u017eek<\/li>\n<li>s\u00edla n\u00e1ramku 2,55 mm<\/li>\n<\/ul>\n","protected":false},"featured_media":1617,"template":"","meta":[],"product_cat":[35,21],"product_tag":[],"_links":{"self":[{"href":"https:\/\/zlatesperky-rb.cz\/index.php?rest_route=\/wp\/v2\/product\/1686"}],"collection":[{"href":"https:\/\/zlatesperky-rb.cz\/index.php?rest_route=\/wp\/v2\/product"}],"about":[{"href":"https:\/\/zlatesperky-rb.cz\/index.php?rest_route=\/wp\/v2\/types\/product"}],"wp:featuredmedia":[{"embeddable":true,"href":"https:\/\/zlatesperky-rb.cz\/index.php?rest_route=\/wp\/v2\/media\/1617"}],"wp:attachment":[{"href":"https:\/\/zlatesperky-rb.cz\/index.php?rest_route=%2Fwp%2Fv2%2Fmedia&parent=1686"}],"wp:term":[{"taxonomy":"product_cat","embeddable":true,"href":"https:\/\/zlatesperky-rb.cz\/index.php?rest_route=%2Fwp%2Fv2%2Fproduct_cat&post=1686"},{"taxonomy":"product_tag","embeddable":true,"href":"https:\/\/zlatesperky-rb.cz\/index.php?rest_route=%2Fwp%2Fv2%2Fproduct_tag&post=1686"}],"curies":[{"name":"wp","href":"https:\/\/api.w.org\/{rel}","templated":true}]}}