{"id":1745,"date":"2021-10-26T18:10:48","date_gmt":"2021-10-26T18:10:48","guid":{"rendered":"http:\/\/www.zlatesperkyrb.cz.uvirt111.active24.cz\/?post_type=product&#038;p=1745"},"modified":"2021-11-23T12:09:22","modified_gmt":"2021-11-23T12:09:22","slug":"retizek-16","status":"publish","type":"product","link":"https:\/\/zlatesperky-rb.cz\/?product=retizek-16","title":{"rendered":"\u0158et\u00edzek"},"content":{"rendered":"<p style=\"text-align: left;\">Zlat\u00fd \u0159et\u00edzek \/pancr\/ vyroben ze 14 kr b\u00edl\u00e9ho zlata . \u0158et\u00edzek je pevn\u00fd vhodn\u00fd na no\u0161en\u00ed i bez p\u0159\u00edv\u011bsku.<\/p>\n","protected":false},"excerpt":{"rendered":"<ul>\n<li>v\u00e1ha \u0159et\u00edzku 12 g \/ 14 kr \/<\/li>\n<li>d\u00e9lka \u0159et\u00edzku 46 cm<\/li>\n<li>zap\u00edn\u00e1n\u00ed karabinka 14 kr<\/li>\n<\/ul>\n","protected":false},"featured_media":1644,"template":"","meta":[],"product_cat":[33,32],"product_tag":[],"_links":{"self":[{"href":"https:\/\/zlatesperky-rb.cz\/index.php?rest_route=\/wp\/v2\/product\/1745"}],"collection":[{"href":"https:\/\/zlatesperky-rb.cz\/index.php?rest_route=\/wp\/v2\/product"}],"about":[{"href":"https:\/\/zlatesperky-rb.cz\/index.php?rest_route=\/wp\/v2\/types\/product"}],"wp:featuredmedia":[{"embeddable":true,"href":"https:\/\/zlatesperky-rb.cz\/index.php?rest_route=\/wp\/v2\/media\/1644"}],"wp:attachment":[{"href":"https:\/\/zlatesperky-rb.cz\/index.php?rest_route=%2Fwp%2Fv2%2Fmedia&parent=1745"}],"wp:term":[{"taxonomy":"product_cat","embeddable":true,"href":"https:\/\/zlatesperky-rb.cz\/index.php?rest_route=%2Fwp%2Fv2%2Fproduct_cat&post=1745"},{"taxonomy":"product_tag","embeddable":true,"href":"https:\/\/zlatesperky-rb.cz\/index.php?rest_route=%2Fwp%2Fv2%2Fproduct_tag&post=1745"}],"curies":[{"name":"wp","href":"https:\/\/api.w.org\/{rel}","templated":true}]}}