{"id":1747,"date":"2021-10-26T18:15:22","date_gmt":"2021-10-26T18:15:22","guid":{"rendered":"http:\/\/www.zlatesperkyrb.cz.uvirt111.active24.cz\/?post_type=product&#038;p=1747"},"modified":"2021-11-05T14:32:23","modified_gmt":"2021-11-05T14:32:23","slug":"retizek-18","status":"publish","type":"product","link":"https:\/\/zlatesperky-rb.cz\/?product=retizek-18","title":{"rendered":"\u0158et\u00edzek"},"content":{"rendered":"<p style=\"text-align: left;\">Zlat\u00fd \u0159et\u00edzek vyroben z b\u00edl\u00e9ho a \u017elut\u00e9ho zlata\u00a0 14 kr.<\/p>\n<p>\u0158et\u00edzek je ozdoben zlat\u00fdmi \u017elut\u00fdmi ou\u0161ky a p\u00e9rov\u00fd krou\u017eek je ze \u017elut\u00e9ho zlata 14 kr.<\/p>\n","protected":false},"excerpt":{"rendered":"<ul>\n<li>v\u00e1ha \u0159et\u00edzku 1,70 g \/ 14 kr \/<\/li>\n<li>d\u00e9lka \u0159et\u00edzku 41 cm<\/li>\n<li>zap\u00edn\u00e1n\u00ed p\u00e9rov\u00fd krou\u017eek<\/li>\n<\/ul>\n","protected":false},"featured_media":1649,"template":"","meta":[],"product_cat":[33,32],"product_tag":[],"_links":{"self":[{"href":"https:\/\/zlatesperky-rb.cz\/index.php?rest_route=\/wp\/v2\/product\/1747"}],"collection":[{"href":"https:\/\/zlatesperky-rb.cz\/index.php?rest_route=\/wp\/v2\/product"}],"about":[{"href":"https:\/\/zlatesperky-rb.cz\/index.php?rest_route=\/wp\/v2\/types\/product"}],"wp:featuredmedia":[{"embeddable":true,"href":"https:\/\/zlatesperky-rb.cz\/index.php?rest_route=\/wp\/v2\/media\/1649"}],"wp:attachment":[{"href":"https:\/\/zlatesperky-rb.cz\/index.php?rest_route=%2Fwp%2Fv2%2Fmedia&parent=1747"}],"wp:term":[{"taxonomy":"product_cat","embeddable":true,"href":"https:\/\/zlatesperky-rb.cz\/index.php?rest_route=%2Fwp%2Fv2%2Fproduct_cat&post=1747"},{"taxonomy":"product_tag","embeddable":true,"href":"https:\/\/zlatesperky-rb.cz\/index.php?rest_route=%2Fwp%2Fv2%2Fproduct_tag&post=1747"}],"curies":[{"name":"wp","href":"https:\/\/api.w.org\/{rel}","templated":true}]}}