{"id":1748,"date":"2021-10-26T18:17:19","date_gmt":"2021-10-26T18:17:19","guid":{"rendered":"http:\/\/www.zlatesperkyrb.cz.uvirt111.active24.cz\/?post_type=product&#038;p=1748"},"modified":"2024-05-28T09:15:47","modified_gmt":"2024-05-28T09:15:47","slug":"retizek-19","status":"publish","type":"product","link":"https:\/\/zlatesperky-rb.cz\/?product=retizek-19","title":{"rendered":"\u0158et\u00edzek"},"content":{"rendered":"<p>PROD\u00c1NO!<\/p>\n","protected":false},"excerpt":{"rendered":"<ul>\n<li>v\u00e1ha \u0159et\u00edzku 14,20g \/14 kr \/<\/li>\n<li>d\u00e9lka \u0159et\u00edzku 55 cm<\/li>\n<li>\u0161\u00ed\u0159e \u0159et\u00edzku 4 mm<\/li>\n<li>zap\u00edn\u00e1n\u00ed karabinka<\/li>\n<\/ul>\n","protected":false},"featured_media":1650,"template":"","meta":[],"product_cat":[33,32],"product_tag":[],"_links":{"self":[{"href":"https:\/\/zlatesperky-rb.cz\/index.php?rest_route=\/wp\/v2\/product\/1748"}],"collection":[{"href":"https:\/\/zlatesperky-rb.cz\/index.php?rest_route=\/wp\/v2\/product"}],"about":[{"href":"https:\/\/zlatesperky-rb.cz\/index.php?rest_route=\/wp\/v2\/types\/product"}],"wp:featuredmedia":[{"embeddable":true,"href":"https:\/\/zlatesperky-rb.cz\/index.php?rest_route=\/wp\/v2\/media\/1650"}],"wp:attachment":[{"href":"https:\/\/zlatesperky-rb.cz\/index.php?rest_route=%2Fwp%2Fv2%2Fmedia&parent=1748"}],"wp:term":[{"taxonomy":"product_cat","embeddable":true,"href":"https:\/\/zlatesperky-rb.cz\/index.php?rest_route=%2Fwp%2Fv2%2Fproduct_cat&post=1748"},{"taxonomy":"product_tag","embeddable":true,"href":"https:\/\/zlatesperky-rb.cz\/index.php?rest_route=%2Fwp%2Fv2%2Fproduct_tag&post=1748"}],"curies":[{"name":"wp","href":"https:\/\/api.w.org\/{rel}","templated":true}]}}