{"id":1749,"date":"2021-10-26T18:22:48","date_gmt":"2021-10-26T18:22:48","guid":{"rendered":"http:\/\/www.zlatesperkyrb.cz.uvirt111.active24.cz\/?post_type=product&#038;p=1749"},"modified":"2021-11-05T14:23:19","modified_gmt":"2021-11-05T14:23:19","slug":"retizek-20","status":"publish","type":"product","link":"https:\/\/zlatesperky-rb.cz\/?product=retizek-20","title":{"rendered":"\u0158et\u00edzek"},"content":{"rendered":"<p style=\"text-align: left;\">Zlat\u00fd \u0159et\u00edzek vyroben ru\u010dn\u00ed prac\u00ed ze 14 kr b\u00edl\u00e9ho zlata, \u0159et\u00edzek se skl\u00e1d\u00e1 ze t\u0159ech mal\u00fdch a jedno velk\u00e9ho ov\u00e1ln\u00e9 ou\u0161ka,kter\u00e9 jdou v\u017edy po sob\u011b.<\/p>\n<p>\u0158et\u00edzek je kr\u00e1sn\u00e1 a precizn\u00ed pr\u00e1ce.<\/p>\n<p>\u0158et\u00edzek je pouze jeden kus,a u\u017e se nebude opakovat.<\/p>\n","protected":false},"excerpt":{"rendered":"<ul>\n<li>v\u00e1ha \u0159et\u00edzku 7,35 g \/14 kr \/<\/li>\n<li>d\u00e9lka \u0159et\u00edzku 65 cm<\/li>\n<li>zap\u00edn\u00e1n\u00ed karabinka<\/li>\n<\/ul>\n","protected":false},"featured_media":1652,"template":"","meta":[],"product_cat":[33,32],"product_tag":[],"_links":{"self":[{"href":"https:\/\/zlatesperky-rb.cz\/index.php?rest_route=\/wp\/v2\/product\/1749"}],"collection":[{"href":"https:\/\/zlatesperky-rb.cz\/index.php?rest_route=\/wp\/v2\/product"}],"about":[{"href":"https:\/\/zlatesperky-rb.cz\/index.php?rest_route=\/wp\/v2\/types\/product"}],"wp:featuredmedia":[{"embeddable":true,"href":"https:\/\/zlatesperky-rb.cz\/index.php?rest_route=\/wp\/v2\/media\/1652"}],"wp:attachment":[{"href":"https:\/\/zlatesperky-rb.cz\/index.php?rest_route=%2Fwp%2Fv2%2Fmedia&parent=1749"}],"wp:term":[{"taxonomy":"product_cat","embeddable":true,"href":"https:\/\/zlatesperky-rb.cz\/index.php?rest_route=%2Fwp%2Fv2%2Fproduct_cat&post=1749"},{"taxonomy":"product_tag","embeddable":true,"href":"https:\/\/zlatesperky-rb.cz\/index.php?rest_route=%2Fwp%2Fv2%2Fproduct_tag&post=1749"}],"curies":[{"name":"wp","href":"https:\/\/api.w.org\/{rel}","templated":true}]}}