{"id":1800,"date":"2021-10-26T19:41:41","date_gmt":"2021-10-26T19:41:41","guid":{"rendered":"http:\/\/www.zlatesperkyrb.cz.uvirt111.active24.cz\/?post_type=product&#038;p=1800"},"modified":"2026-03-15T12:06:03","modified_gmt":"2026-03-15T12:06:03","slug":"naramek-35","status":"publish","type":"product","link":"https:\/\/zlatesperky-rb.cz\/?product=naramek-35","title":{"rendered":"N\u00e1ramek"},"content":{"rendered":"<p style=\"text-align: left;\">Zlat\u00fd n\u00e1ramek ru\u010dn\u011b vyroben ze 14 kr b\u00edl\u00e9ho zlata , n\u00e1ramek je pevn\u00fd kruh vyroben z pln\u00e9ho kulat\u00e9ho zlat\u00e9ho dr\u00e1tu.<\/p>\n<p>N\u00e1ramek lze vyrobit tak\u00e9 ze \u017elut\u00e9ho nebo r\u016f\u017eov\u00e9ho 14 kr\u00a0 zlata.<\/p>\n","protected":false},"excerpt":{"rendered":"<ul>\n<li>v\u00e1ha n\u00e1ramku 5,10 g \/14 kr \/<\/li>\n<li>velikost n\u00e1ramku pr\u016fm\u011br 57 mm<\/li>\n<li>velikost srd\u00ed\u010dka 20 x 25 mm<\/li>\n<\/ul>\n","protected":false},"featured_media":1787,"template":"","meta":[],"product_cat":[35,21],"product_tag":[],"_links":{"self":[{"href":"https:\/\/zlatesperky-rb.cz\/index.php?rest_route=\/wp\/v2\/product\/1800"}],"collection":[{"href":"https:\/\/zlatesperky-rb.cz\/index.php?rest_route=\/wp\/v2\/product"}],"about":[{"href":"https:\/\/zlatesperky-rb.cz\/index.php?rest_route=\/wp\/v2\/types\/product"}],"wp:featuredmedia":[{"embeddable":true,"href":"https:\/\/zlatesperky-rb.cz\/index.php?rest_route=\/wp\/v2\/media\/1787"}],"wp:attachment":[{"href":"https:\/\/zlatesperky-rb.cz\/index.php?rest_route=%2Fwp%2Fv2%2Fmedia&parent=1800"}],"wp:term":[{"taxonomy":"product_cat","embeddable":true,"href":"https:\/\/zlatesperky-rb.cz\/index.php?rest_route=%2Fwp%2Fv2%2Fproduct_cat&post=1800"},{"taxonomy":"product_tag","embeddable":true,"href":"https:\/\/zlatesperky-rb.cz\/index.php?rest_route=%2Fwp%2Fv2%2Fproduct_tag&post=1800"}],"curies":[{"name":"wp","href":"https:\/\/api.w.org\/{rel}","templated":true}]}}