{"id":1807,"date":"2021-10-26T20:07:28","date_gmt":"2021-10-26T20:07:28","guid":{"rendered":"http:\/\/www.zlatesperkyrb.cz.uvirt111.active24.cz\/?post_type=product&#038;p=1807"},"modified":"2021-11-01T15:58:38","modified_gmt":"2021-11-01T15:58:38","slug":"privesek-9","status":"publish","type":"product","link":"https:\/\/zlatesperky-rb.cz\/?product=privesek-9","title":{"rendered":"P\u0159\u00edv\u011bsek rybi\u010dka"},"content":{"rendered":"<p style=\"text-align: left;\">Zlat\u00fd p\u0159\u00edv\u011bsek &#8220; rybi\u010dka&#8220; vyrobena ze 14 kr b\u00edleho zlata.<\/p>\n","protected":false},"excerpt":{"rendered":"<ul>\n<li>v\u00e1ha p\u0159\u00edv\u011bsku 0,60 g \/ 14 kr \/<\/li>\n<li>velikost p\u0159\u00edv\u011bsku 15 x 19 mm<\/li>\n<\/ul>\n","protected":false},"featured_media":1796,"template":"","meta":[],"product_cat":[37,23],"product_tag":[],"_links":{"self":[{"href":"https:\/\/zlatesperky-rb.cz\/index.php?rest_route=\/wp\/v2\/product\/1807"}],"collection":[{"href":"https:\/\/zlatesperky-rb.cz\/index.php?rest_route=\/wp\/v2\/product"}],"about":[{"href":"https:\/\/zlatesperky-rb.cz\/index.php?rest_route=\/wp\/v2\/types\/product"}],"wp:featuredmedia":[{"embeddable":true,"href":"https:\/\/zlatesperky-rb.cz\/index.php?rest_route=\/wp\/v2\/media\/1796"}],"wp:attachment":[{"href":"https:\/\/zlatesperky-rb.cz\/index.php?rest_route=%2Fwp%2Fv2%2Fmedia&parent=1807"}],"wp:term":[{"taxonomy":"product_cat","embeddable":true,"href":"https:\/\/zlatesperky-rb.cz\/index.php?rest_route=%2Fwp%2Fv2%2Fproduct_cat&post=1807"},{"taxonomy":"product_tag","embeddable":true,"href":"https:\/\/zlatesperky-rb.cz\/index.php?rest_route=%2Fwp%2Fv2%2Fproduct_tag&post=1807"}],"curies":[{"name":"wp","href":"https:\/\/api.w.org\/{rel}","templated":true}]}}