{"id":1902,"date":"2021-11-03T20:35:06","date_gmt":"2021-11-03T20:35:06","guid":{"rendered":"http:\/\/www.zlatesperkyrb.cz.uvirt111.active24.cz\/?post_type=product&#038;p=1902"},"modified":"2021-11-05T13:00:41","modified_gmt":"2021-11-05T13:00:41","slug":"privesek-21","status":"publish","type":"product","link":"https:\/\/zlatesperky-rb.cz\/?product=privesek-21","title":{"rendered":"P\u0159\u00edv\u011bsek"},"content":{"rendered":"<p style=\"text-align: left;\">P\u0159\u00edv\u011bsek zlat\u00e9 \/ku\u0159e\/ vyroben\u00e9 ze \u017elut\u00e9ho 14 kr zlata .<\/p>\n<p>P\u0159\u00edv\u011bsek se hod\u00ed na p\u0159\u00edv\u011bskov\u00fd n\u00e1ramek.<\/p>\n","protected":false},"excerpt":{"rendered":"<ul>\n<li>v\u00e1ha p\u0159\u00edv\u011bsku 0,70 g \/14 kr \/<\/li>\n<li>velikost p\u0159\u00edv\u011bsku\u00a0 11 x 17 mm<\/li>\n<\/ul>\n","protected":false},"featured_media":1820,"template":"","meta":[],"product_cat":[38],"product_tag":[],"_links":{"self":[{"href":"https:\/\/zlatesperky-rb.cz\/index.php?rest_route=\/wp\/v2\/product\/1902"}],"collection":[{"href":"https:\/\/zlatesperky-rb.cz\/index.php?rest_route=\/wp\/v2\/product"}],"about":[{"href":"https:\/\/zlatesperky-rb.cz\/index.php?rest_route=\/wp\/v2\/types\/product"}],"wp:featuredmedia":[{"embeddable":true,"href":"https:\/\/zlatesperky-rb.cz\/index.php?rest_route=\/wp\/v2\/media\/1820"}],"wp:attachment":[{"href":"https:\/\/zlatesperky-rb.cz\/index.php?rest_route=%2Fwp%2Fv2%2Fmedia&parent=1902"}],"wp:term":[{"taxonomy":"product_cat","embeddable":true,"href":"https:\/\/zlatesperky-rb.cz\/index.php?rest_route=%2Fwp%2Fv2%2Fproduct_cat&post=1902"},{"taxonomy":"product_tag","embeddable":true,"href":"https:\/\/zlatesperky-rb.cz\/index.php?rest_route=%2Fwp%2Fv2%2Fproduct_tag&post=1902"}],"curies":[{"name":"wp","href":"https:\/\/api.w.org\/{rel}","templated":true}]}}