{"id":192,"date":"2021-08-18T16:47:36","date_gmt":"2021-08-18T16:47:36","guid":{"rendered":"http:\/\/www.zlatesperkyrb.cz.uvirt111.active24.cz\/?post_type=product&#038;p=192"},"modified":"2026-03-15T12:05:13","modified_gmt":"2026-03-15T12:05:13","slug":"zlaty-naramek-s-koralem","status":"publish","type":"product","link":"https:\/\/zlatesperky-rb.cz\/?product=zlaty-naramek-s-koralem","title":{"rendered":"Zlat\u00fd n\u00e1ramek s ametystem"},"content":{"rendered":"<p>Zlat\u00fd ametystov\u00fd n\u00e1ramek ve \u017elut\u00e9m 14 kr\u00a0 zlat\u011b je vlastn\u00ed v\u00fdroba a kameny\u00a0 jsou ru\u010dn\u011b brou\u0161en\u00e9 a vsazovan\u00e9 do n\u00e1ramku.<\/p>\n<p style=\"text-align: left;\">N\u00e1ramek je mo\u017en\u00e9 vyrobit i s jin\u00fdmi kameny \u010di v jin\u00e9 barv\u011b zlata.<\/p>\n","protected":false},"excerpt":{"rendered":"<p>Zak\u00e1zkov\u00e1 v\u00fdroba<\/p>\n<ul>\n<li>d\u00e9lka n\u00e1ramku 18 cm<\/li>\n<li>v\u00e1ha zlata 11,5 g<\/li>\n<li>velikost kamenu\u00a0 8&#215;10 mm, 8 mm<\/li>\n<li>v\u00e1ha kamenu\u00a0 24,5 ct<\/li>\n<\/ul>\n","protected":false},"featured_media":1229,"template":"","meta":[],"product_cat":[21],"product_tag":[],"_links":{"self":[{"href":"https:\/\/zlatesperky-rb.cz\/index.php?rest_route=\/wp\/v2\/product\/192"}],"collection":[{"href":"https:\/\/zlatesperky-rb.cz\/index.php?rest_route=\/wp\/v2\/product"}],"about":[{"href":"https:\/\/zlatesperky-rb.cz\/index.php?rest_route=\/wp\/v2\/types\/product"}],"wp:featuredmedia":[{"embeddable":true,"href":"https:\/\/zlatesperky-rb.cz\/index.php?rest_route=\/wp\/v2\/media\/1229"}],"wp:attachment":[{"href":"https:\/\/zlatesperky-rb.cz\/index.php?rest_route=%2Fwp%2Fv2%2Fmedia&parent=192"}],"wp:term":[{"taxonomy":"product_cat","embeddable":true,"href":"https:\/\/zlatesperky-rb.cz\/index.php?rest_route=%2Fwp%2Fv2%2Fproduct_cat&post=192"},{"taxonomy":"product_tag","embeddable":true,"href":"https:\/\/zlatesperky-rb.cz\/index.php?rest_route=%2Fwp%2Fv2%2Fproduct_tag&post=192"}],"curies":[{"name":"wp","href":"https:\/\/api.w.org\/{rel}","templated":true}]}}