{"id":2197,"date":"2021-11-12T06:39:45","date_gmt":"2021-11-12T06:39:45","guid":{"rendered":"http:\/\/www.zlatesperkyrb.cz.uvirt111.active24.cz\/?post_type=product&#038;p=2197"},"modified":"2021-11-12T13:24:02","modified_gmt":"2021-11-12T13:24:02","slug":"prsten-61","status":"publish","type":"product","link":"https:\/\/zlatesperky-rb.cz\/?product=prsten-61","title":{"rendered":"Prsten"},"content":{"rendered":"<p style=\"text-align: left;\">Zlat\u00fd perlov\u00fd prsten ru\u010dn\u011b vyroben ze 14 kr \u017elut\u00e9ho zlata ozdoben b\u00edl\u00fdmi sladkovodn\u00edmi perly.<\/p>\n<p>Prsten m\u00e1 obrou\u010dku vyrobenou z kulat\u00e9ho, zlat\u00e9ho\u00a0 a sto\u010den\u00e9ho dr\u00e1tku, na kter\u00e9m jsou zlat\u00e9 misky se \u0161tyftem\u00a0 a v nich jsou usazen\u00e9 kr\u00e1sn\u00e9 perly.<\/p>\n","protected":false},"excerpt":{"rendered":"<ul>\n<li>v\u00e1ha zlata 3,4 g \/ 14 kr \/<\/li>\n<li>velikost prstenu 52<\/li>\n<li>pr\u016fm\u011br perel 9 mm<\/li>\n<li>\u0161\u00ed\u0159e obrou\u010dky 3 mm<\/li>\n<\/ul>\n","protected":false},"featured_media":2059,"template":"","meta":[],"product_cat":[20,27],"product_tag":[],"_links":{"self":[{"href":"https:\/\/zlatesperky-rb.cz\/index.php?rest_route=\/wp\/v2\/product\/2197"}],"collection":[{"href":"https:\/\/zlatesperky-rb.cz\/index.php?rest_route=\/wp\/v2\/product"}],"about":[{"href":"https:\/\/zlatesperky-rb.cz\/index.php?rest_route=\/wp\/v2\/types\/product"}],"wp:featuredmedia":[{"embeddable":true,"href":"https:\/\/zlatesperky-rb.cz\/index.php?rest_route=\/wp\/v2\/media\/2059"}],"wp:attachment":[{"href":"https:\/\/zlatesperky-rb.cz\/index.php?rest_route=%2Fwp%2Fv2%2Fmedia&parent=2197"}],"wp:term":[{"taxonomy":"product_cat","embeddable":true,"href":"https:\/\/zlatesperky-rb.cz\/index.php?rest_route=%2Fwp%2Fv2%2Fproduct_cat&post=2197"},{"taxonomy":"product_tag","embeddable":true,"href":"https:\/\/zlatesperky-rb.cz\/index.php?rest_route=%2Fwp%2Fv2%2Fproduct_tag&post=2197"}],"curies":[{"name":"wp","href":"https:\/\/api.w.org\/{rel}","templated":true}]}}