{"id":2199,"date":"2021-11-12T06:44:52","date_gmt":"2021-11-12T06:44:52","guid":{"rendered":"http:\/\/www.zlatesperkyrb.cz.uvirt111.active24.cz\/?post_type=product&#038;p=2199"},"modified":"2021-11-23T13:08:21","modified_gmt":"2021-11-23T13:08:21","slug":"prsten-63","status":"publish","type":"product","link":"https:\/\/zlatesperky-rb.cz\/?product=prsten-63","title":{"rendered":"Prsten"},"content":{"rendered":"<p style=\"text-align: left;\">Zlat\u00fd perlov\u00fd prsten vyroben ru\u010dn\u011b ze 14 kr \u017elut\u00e9ho zlata.<\/p>\n<p>Prsten je ozdoben \u010dernou mo\u0159skou perlou a sladkovodn\u00ed perlou, kter\u00e1 m\u00e1 r\u016f\u017eov\u00fd n\u00e1dech.<\/p>\n<p>Prsten m\u00e1 dva krou\u017eky z kulat\u00e9ho dr\u00e1tu na kter\u00fdch jsou v misk\u00e1ch a na \u0161tyftu usazen\u00e9 perly.<\/p>\n<p>Prsten je jeden celek nelze perly odd\u011blit.<\/p>\n","protected":false},"excerpt":{"rendered":"<p>Zak\u00e1zkov\u00e1 v\u00fdroba<\/p>\n<ul>\n<li>v\u00e1ha zlata 4,90 g \/14 kr \/<\/li>\n<li>velikost prstenu 53<\/li>\n<li>pr\u016fm\u011br perel 10 mm<\/li>\n<\/ul>\n","protected":false},"featured_media":2124,"template":"","meta":[],"product_cat":[20,27],"product_tag":[],"_links":{"self":[{"href":"https:\/\/zlatesperky-rb.cz\/index.php?rest_route=\/wp\/v2\/product\/2199"}],"collection":[{"href":"https:\/\/zlatesperky-rb.cz\/index.php?rest_route=\/wp\/v2\/product"}],"about":[{"href":"https:\/\/zlatesperky-rb.cz\/index.php?rest_route=\/wp\/v2\/types\/product"}],"wp:featuredmedia":[{"embeddable":true,"href":"https:\/\/zlatesperky-rb.cz\/index.php?rest_route=\/wp\/v2\/media\/2124"}],"wp:attachment":[{"href":"https:\/\/zlatesperky-rb.cz\/index.php?rest_route=%2Fwp%2Fv2%2Fmedia&parent=2199"}],"wp:term":[{"taxonomy":"product_cat","embeddable":true,"href":"https:\/\/zlatesperky-rb.cz\/index.php?rest_route=%2Fwp%2Fv2%2Fproduct_cat&post=2199"},{"taxonomy":"product_tag","embeddable":true,"href":"https:\/\/zlatesperky-rb.cz\/index.php?rest_route=%2Fwp%2Fv2%2Fproduct_tag&post=2199"}],"curies":[{"name":"wp","href":"https:\/\/api.w.org\/{rel}","templated":true}]}}