{"id":2201,"date":"2021-11-12T07:51:14","date_gmt":"2021-11-12T07:51:14","guid":{"rendered":"http:\/\/www.zlatesperkyrb.cz.uvirt111.active24.cz\/?post_type=product&#038;p=2201"},"modified":"2021-11-12T12:54:22","modified_gmt":"2021-11-12T12:54:22","slug":"prsten-65","status":"publish","type":"product","link":"https:\/\/zlatesperky-rb.cz\/?product=prsten-65","title":{"rendered":"Prsten"},"content":{"rendered":"<p>Zlat\u00fd prsten s p\u0159\u00edrodn\u00edm kor\u00e1lem \u010derven\u00e9 barvy a p\u0159\u00edrodn\u00ed mo\u0159skou \u010dernou perlou,vyroben ru\u010dn\u011b ze 14 kr \u017elut\u00e9ho zlata.<\/p>\n<p>Prsten m\u00e1 masivn\u00ed obrou\u010dku,tak\u017ee dob\u0159e sed\u00ed na ruce.<\/p>\n","protected":false},"excerpt":{"rendered":"<ul>\n<li>v\u00e1ha zlata v\u00a0 prstenu 5,0 g \/ 14 kr \/<\/li>\n<li>velikost prstenu 54<\/li>\n<li>\u0161\u00ed\u0159e prstenu 10 mm<\/li>\n<li>velikost p\u0159\u00edrodn\u00ed kor\u00e1l 7 mm, p\u0159\u00edrodn\u00ed perla mo\u0159sk\u00e1 Tahiti velikost 7 mm<\/li>\n<\/ul>\n","protected":false},"featured_media":2132,"template":"","meta":[],"product_cat":[20,27],"product_tag":[],"_links":{"self":[{"href":"https:\/\/zlatesperky-rb.cz\/index.php?rest_route=\/wp\/v2\/product\/2201"}],"collection":[{"href":"https:\/\/zlatesperky-rb.cz\/index.php?rest_route=\/wp\/v2\/product"}],"about":[{"href":"https:\/\/zlatesperky-rb.cz\/index.php?rest_route=\/wp\/v2\/types\/product"}],"wp:featuredmedia":[{"embeddable":true,"href":"https:\/\/zlatesperky-rb.cz\/index.php?rest_route=\/wp\/v2\/media\/2132"}],"wp:attachment":[{"href":"https:\/\/zlatesperky-rb.cz\/index.php?rest_route=%2Fwp%2Fv2%2Fmedia&parent=2201"}],"wp:term":[{"taxonomy":"product_cat","embeddable":true,"href":"https:\/\/zlatesperky-rb.cz\/index.php?rest_route=%2Fwp%2Fv2%2Fproduct_cat&post=2201"},{"taxonomy":"product_tag","embeddable":true,"href":"https:\/\/zlatesperky-rb.cz\/index.php?rest_route=%2Fwp%2Fv2%2Fproduct_tag&post=2201"}],"curies":[{"name":"wp","href":"https:\/\/api.w.org\/{rel}","templated":true}]}}