{"id":2202,"date":"2021-11-12T07:52:35","date_gmt":"2021-11-12T07:52:35","guid":{"rendered":"http:\/\/www.zlatesperkyrb.cz.uvirt111.active24.cz\/?post_type=product&#038;p=2202"},"modified":"2021-11-12T12:28:20","modified_gmt":"2021-11-12T12:28:20","slug":"prsten-66","status":"publish","type":"product","link":"https:\/\/zlatesperky-rb.cz\/?product=prsten-66","title":{"rendered":"Prsten"},"content":{"rendered":"<p style=\"text-align: left;\">Prsten zlat\u00fd s p\u0159\u00edrodn\u00edm kor\u00e1lem lososov\u00e9 barvy ,ru\u010dn\u00ed v\u00fdroba obrou\u010dka je ryt\u00e1 po cel\u00e9m obvod\u011b.<\/p>\n","protected":false},"excerpt":{"rendered":"<ul>\n<li>v\u00e1ha zlata v prstenu 2,40 g \/14 kr\/<\/li>\n<li>velikost prstenu 57<\/li>\n<li>velikost p\u0159\u00edrodn\u00edho kor\u00e1lu 12 mm<\/li>\n<li>\u0161\u00ed\u0159e obrou\u010dky 3 mm<\/li>\n<\/ul>\n","protected":false},"featured_media":2134,"template":"","meta":[],"product_cat":[20,27],"product_tag":[],"_links":{"self":[{"href":"https:\/\/zlatesperky-rb.cz\/index.php?rest_route=\/wp\/v2\/product\/2202"}],"collection":[{"href":"https:\/\/zlatesperky-rb.cz\/index.php?rest_route=\/wp\/v2\/product"}],"about":[{"href":"https:\/\/zlatesperky-rb.cz\/index.php?rest_route=\/wp\/v2\/types\/product"}],"wp:featuredmedia":[{"embeddable":true,"href":"https:\/\/zlatesperky-rb.cz\/index.php?rest_route=\/wp\/v2\/media\/2134"}],"wp:attachment":[{"href":"https:\/\/zlatesperky-rb.cz\/index.php?rest_route=%2Fwp%2Fv2%2Fmedia&parent=2202"}],"wp:term":[{"taxonomy":"product_cat","embeddable":true,"href":"https:\/\/zlatesperky-rb.cz\/index.php?rest_route=%2Fwp%2Fv2%2Fproduct_cat&post=2202"},{"taxonomy":"product_tag","embeddable":true,"href":"https:\/\/zlatesperky-rb.cz\/index.php?rest_route=%2Fwp%2Fv2%2Fproduct_tag&post=2202"}],"curies":[{"name":"wp","href":"https:\/\/api.w.org\/{rel}","templated":true}]}}