{"id":2205,"date":"2021-11-12T07:56:07","date_gmt":"2021-11-12T07:56:07","guid":{"rendered":"http:\/\/www.zlatesperkyrb.cz.uvirt111.active24.cz\/?post_type=product&#038;p=2205"},"modified":"2021-11-12T11:54:45","modified_gmt":"2021-11-12T11:54:45","slug":"prsten-69","status":"publish","type":"product","link":"https:\/\/zlatesperky-rb.cz\/?product=prsten-69","title":{"rendered":"Prsten"},"content":{"rendered":"<p style=\"text-align: left;\">Zlat\u00fd prsten vyroben ze 14 kr b\u00edl\u00e9ho zlata s p\u0159\u00edrodn\u00edm kamenem Topaz.<\/p>\n<p>Prsten lze vyrobit na zak\u00e1zku i s jin\u00fdm kamenem (ametyst,citr\u00edn,z\u00e1hn\u011bda,oliv\u00edn&#8230;)<\/p>\n","protected":false},"excerpt":{"rendered":"<ul>\n<li>v\u00e1ha prstenu 2,9 g \/14 kr \/<\/li>\n<li>velikost prstenu 52<\/li>\n<li>velikost kamene 8 x6 mm p\u0159\u00edrodn\u00ed kamen Topaz<\/li>\n<\/ul>\n","protected":false},"featured_media":2146,"template":"","meta":[],"product_cat":[20,27],"product_tag":[],"_links":{"self":[{"href":"https:\/\/zlatesperky-rb.cz\/index.php?rest_route=\/wp\/v2\/product\/2205"}],"collection":[{"href":"https:\/\/zlatesperky-rb.cz\/index.php?rest_route=\/wp\/v2\/product"}],"about":[{"href":"https:\/\/zlatesperky-rb.cz\/index.php?rest_route=\/wp\/v2\/types\/product"}],"wp:featuredmedia":[{"embeddable":true,"href":"https:\/\/zlatesperky-rb.cz\/index.php?rest_route=\/wp\/v2\/media\/2146"}],"wp:attachment":[{"href":"https:\/\/zlatesperky-rb.cz\/index.php?rest_route=%2Fwp%2Fv2%2Fmedia&parent=2205"}],"wp:term":[{"taxonomy":"product_cat","embeddable":true,"href":"https:\/\/zlatesperky-rb.cz\/index.php?rest_route=%2Fwp%2Fv2%2Fproduct_cat&post=2205"},{"taxonomy":"product_tag","embeddable":true,"href":"https:\/\/zlatesperky-rb.cz\/index.php?rest_route=%2Fwp%2Fv2%2Fproduct_tag&post=2205"}],"curies":[{"name":"wp","href":"https:\/\/api.w.org\/{rel}","templated":true}]}}