{"id":2226,"date":"2021-11-12T12:25:05","date_gmt":"2021-11-12T12:25:05","guid":{"rendered":"http:\/\/www.zlatesperkyrb.cz.uvirt111.active24.cz\/?post_type=product&#038;p=2226"},"modified":"2021-11-12T15:15:37","modified_gmt":"2021-11-12T15:15:37","slug":"prsten-78","status":"publish","type":"product","link":"https:\/\/zlatesperky-rb.cz\/?product=prsten-78","title":{"rendered":"Prsten"},"content":{"rendered":"<p style=\"text-align: left;\">Zlat\u00fd prsten ru\u010dn\u011b vyroben ze 14 kr \u017elut\u00e9ho zlata s p\u0159\u00edrodn\u00edm kamenem (Z\u00e1hn\u011bda),kter\u00fd m\u00e1 \u0161achovnicov\u00fd brus.<\/p>\n<p>Prsten m\u00e1 zaj\u00edmav\u00fd tvar a\u00a0 barva kamene m\u00e1 p\u011bkn\u011b, tmav\u011b hn\u011bdou barvu.<\/p>\n","protected":false},"excerpt":{"rendered":"<ul>\n<li>v\u00e1ha zlata 6,80 g \/ 14 kr \/<\/li>\n<li>velikost prstenu 54<\/li>\n<li>velikost kamene 15 x 13 mm, p\u0159\u00edrodn\u00ed kamen (Z\u00e1hn\u011bda)<\/li>\n<li>\u0161\u00ed\u0159e prstenu 18 x 20 mm<\/li>\n<\/ul>\n","protected":false},"featured_media":2176,"template":"","meta":[],"product_cat":[20,27],"product_tag":[],"_links":{"self":[{"href":"https:\/\/zlatesperky-rb.cz\/index.php?rest_route=\/wp\/v2\/product\/2226"}],"collection":[{"href":"https:\/\/zlatesperky-rb.cz\/index.php?rest_route=\/wp\/v2\/product"}],"about":[{"href":"https:\/\/zlatesperky-rb.cz\/index.php?rest_route=\/wp\/v2\/types\/product"}],"wp:featuredmedia":[{"embeddable":true,"href":"https:\/\/zlatesperky-rb.cz\/index.php?rest_route=\/wp\/v2\/media\/2176"}],"wp:attachment":[{"href":"https:\/\/zlatesperky-rb.cz\/index.php?rest_route=%2Fwp%2Fv2%2Fmedia&parent=2226"}],"wp:term":[{"taxonomy":"product_cat","embeddable":true,"href":"https:\/\/zlatesperky-rb.cz\/index.php?rest_route=%2Fwp%2Fv2%2Fproduct_cat&post=2226"},{"taxonomy":"product_tag","embeddable":true,"href":"https:\/\/zlatesperky-rb.cz\/index.php?rest_route=%2Fwp%2Fv2%2Fproduct_tag&post=2226"}],"curies":[{"name":"wp","href":"https:\/\/api.w.org\/{rel}","templated":true}]}}