{"id":2453,"date":"2024-09-18T09:28:37","date_gmt":"2024-09-18T09:28:37","guid":{"rendered":"https:\/\/zlatesperky-rb.cz\/?post_type=product&#038;p=2453"},"modified":"2025-01-15T13:52:20","modified_gmt":"2025-01-15T13:52:20","slug":"zaves-z-bileho-zlata","status":"publish","type":"product","link":"https:\/\/zlatesperky-rb.cz\/?product=zaves-z-bileho-zlata","title":{"rendered":"Z\u00e1v\u011bs z b\u00edl\u00e9ho zlata"},"content":{"rendered":"<p>\u25cfV\u00e1ha p\u0159\u00edv\u011b\u0161ku 3,70g\/14kr b\u00edl\u00e9 zlato<\/p>\n<p>\u25cf Pr\u016fm\u011br p\u0159\u00edv\u011b\u0161ku 25.5mm,s\u00edla 2mm, d\u00e9lka p\u0159\u00edv\u011b\u0161ku 60mm<\/p>\n<p>P\u0159\u00edv\u011bsek je ru\u010dn\u00ed \u010desk\u00e1 pr\u00e1ce ozdoby jsou ru\u010dn\u011b st\u00e1\u010den\u00e9 a vkl\u00e1dan\u00e9 do r\u00e1mu,P\u0159\u00edv\u011bsek p\u016fsob\u00ed velice origin\u00e1ln\u011b a zaj\u00edmav\u011b. Cena p\u0159\u00edv\u011b\u0161ku je bez \u0159et\u00edzku.<\/p>\n<p>\u25cfCena \u0159et\u00edzku 13900k\u010d<\/p>\n<p>\u25cfd\u00e9lka \u0159et\u00edzku 52cm\/4,2g \/14kr.<\/p>\n","protected":false},"excerpt":{"rendered":"<p>\u25cfV\u00e1ha p\u0159\u00edv\u011b\u0161ku 3,70g\/14kr b\u00edl\u00e9 zlato \u25cf Pr\u016fm\u011br p\u0159\u00edv\u011b\u0161ku 25.5mm,s\u00edla 2mm, d\u00e9lka p\u0159\u00edv\u011b\u0161ku 60mm P\u0159\u00edv\u011bsek je ru\u010dn\u00ed \u010desk\u00e1 pr\u00e1ce ozdoby jsou ru\u010dn\u011b st\u00e1\u010den\u00e9 a vkl\u00e1dan\u00e9 do r\u00e1mu,P\u0159\u00edv\u011bsek p\u016fsob\u00ed velice origin\u00e1ln\u011b a zaj\u00edmav\u011b. Cena p\u0159\u00edv\u011b\u0161ku je bez \u0159et\u00edzku. \u25cfCena \u0159et\u00edzku 13900k\u010d \u25cfd\u00e9lka \u0159et\u00edzku 52cm\/4,2g \/14kr.<\/p>\n","protected":false},"featured_media":2444,"template":"","meta":[],"product_cat":[37,33],"product_tag":[],"_links":{"self":[{"href":"https:\/\/zlatesperky-rb.cz\/index.php?rest_route=\/wp\/v2\/product\/2453"}],"collection":[{"href":"https:\/\/zlatesperky-rb.cz\/index.php?rest_route=\/wp\/v2\/product"}],"about":[{"href":"https:\/\/zlatesperky-rb.cz\/index.php?rest_route=\/wp\/v2\/types\/product"}],"wp:featuredmedia":[{"embeddable":true,"href":"https:\/\/zlatesperky-rb.cz\/index.php?rest_route=\/wp\/v2\/media\/2444"}],"wp:attachment":[{"href":"https:\/\/zlatesperky-rb.cz\/index.php?rest_route=%2Fwp%2Fv2%2Fmedia&parent=2453"}],"wp:term":[{"taxonomy":"product_cat","embeddable":true,"href":"https:\/\/zlatesperky-rb.cz\/index.php?rest_route=%2Fwp%2Fv2%2Fproduct_cat&post=2453"},{"taxonomy":"product_tag","embeddable":true,"href":"https:\/\/zlatesperky-rb.cz\/index.php?rest_route=%2Fwp%2Fv2%2Fproduct_tag&post=2453"}],"curies":[{"name":"wp","href":"https:\/\/api.w.org\/{rel}","templated":true}]}}