{"id":2495,"date":"2024-11-08T11:54:52","date_gmt":"2024-11-08T11:54:52","guid":{"rendered":"https:\/\/zlatesperky-rb.cz\/?post_type=product&#038;p=2495"},"modified":"2025-01-15T12:55:33","modified_gmt":"2025-01-15T12:55:33","slug":"privesek-ze-zluteho-zlata-s-perlou","status":"publish","type":"product","link":"https:\/\/zlatesperky-rb.cz\/?product=privesek-ze-zluteho-zlata-s-perlou","title":{"rendered":"P\u0159\u00edv\u011bsek ze \u017elut\u00e9ho zlata s p\u0159\u00edrodn\u00ed perlou"},"content":{"rendered":"<p>\u25cfV\u00e1ha p\u0159\u00edv\u011b\u0161ku 1.35g\/14 kr \u017elut\u00e9 zlato<\/p>\n<p>\u25cfVelikost p\u0159\u00edv\u011b\u0161ku 38mm<\/p>\n<p>\u25cfVelikost perly\u00a0 20x14mm<\/p>\n<p>\u25cfbarva perly b\u00edloru\u017eova<\/p>\n<p>P\u0159\u00edv\u011bsek je vyroben v \u010desk\u00e9m zlatnictv\u00ed ru\u010dn\u00ed v\u00fdroba,vyroben jeden kus. P\u0159\u00edv\u011bsek m\u00e1 origin\u00e1ln\u00ed z\u00e1v\u011bsn\u00e9 o\u010dko,kter\u00e9\u00a0 d\u011bl\u00e1 z\u00e1v\u011bs zaj\u00edmav\u00fdm.<\/p>\n","protected":false},"excerpt":{"rendered":"<p>\u25cfV\u00e1ha p\u0159\u00edv\u011b\u0161ku 1.35g\/14 kr \u017elut\u00e9 zlato \u25cfVelikost p\u0159\u00edv\u011b\u0161ku 38mm \u25cfVelikost perly\u00a0 20x14mm \u25cfbarva perly b\u00edloru\u017eova P\u0159\u00edv\u011bsek je vyroben v \u010desk\u00e9m zlatnictv\u00ed ru\u010dn\u00ed v\u00fdroba,vyroben jeden kus. P\u0159\u00edv\u011bsek m\u00e1 origin\u00e1ln\u00ed z\u00e1v\u011bsn\u00e9 o\u010dko,kter\u00e9\u00a0 d\u011bl\u00e1 z\u00e1v\u011bs zaj\u00edmav\u00fdm.<\/p>\n","protected":false},"featured_media":2494,"template":"","meta":[],"product_cat":[40,38,15,23],"product_tag":[],"_links":{"self":[{"href":"https:\/\/zlatesperky-rb.cz\/index.php?rest_route=\/wp\/v2\/product\/2495"}],"collection":[{"href":"https:\/\/zlatesperky-rb.cz\/index.php?rest_route=\/wp\/v2\/product"}],"about":[{"href":"https:\/\/zlatesperky-rb.cz\/index.php?rest_route=\/wp\/v2\/types\/product"}],"wp:featuredmedia":[{"embeddable":true,"href":"https:\/\/zlatesperky-rb.cz\/index.php?rest_route=\/wp\/v2\/media\/2494"}],"wp:attachment":[{"href":"https:\/\/zlatesperky-rb.cz\/index.php?rest_route=%2Fwp%2Fv2%2Fmedia&parent=2495"}],"wp:term":[{"taxonomy":"product_cat","embeddable":true,"href":"https:\/\/zlatesperky-rb.cz\/index.php?rest_route=%2Fwp%2Fv2%2Fproduct_cat&post=2495"},{"taxonomy":"product_tag","embeddable":true,"href":"https:\/\/zlatesperky-rb.cz\/index.php?rest_route=%2Fwp%2Fv2%2Fproduct_tag&post=2495"}],"curies":[{"name":"wp","href":"https:\/\/api.w.org\/{rel}","templated":true}]}}