{"id":2512,"date":"2024-11-08T12:30:13","date_gmt":"2024-11-08T12:30:13","guid":{"rendered":"https:\/\/zlatesperky-rb.cz\/?post_type=product&#038;p=2512"},"modified":"2025-01-15T10:17:12","modified_gmt":"2025-01-15T10:17:12","slug":"privesek-z-bileho-zlata-s-perlou","status":"publish","type":"product","link":"https:\/\/zlatesperky-rb.cz\/?product=privesek-z-bileho-zlata-s-perlou","title":{"rendered":"P\u0159\u00edv\u011bsek z b\u00edl\u00e9ho zlata s perlou"},"content":{"rendered":"<blockquote><p>\u25cfV\u00e1ha\u00a0 p\u0159\u00edv\u011b\u0161ku\u00a0 1g\/ 14kr.b\u00edl\u00e9 zlato bez \u0159et\u00edzku<\/p>\n<p>\u25cfVelikost perly 15x30mm<\/p>\n<p>\u25cfp\u0159\u00edv\u011bsek je ru\u010dn\u00ed pr\u00e1ce\u00a0 a pouze jeden model.<\/p><\/blockquote>\n","protected":false},"excerpt":{"rendered":"<p>\u25cfV\u00e1ha\u00a0 p\u0159\u00edv\u011b\u0161ku\u00a0 1g\/ 14kr.b\u00edl\u00e9 zlato bez \u0159et\u00edzku \u25cfVelikost perly 15x30mm \u25cfp\u0159\u00edv\u011bsek je ru\u010dn\u00ed pr\u00e1ce\u00a0 a pouze jeden model.<\/p>\n","protected":false},"featured_media":2487,"template":"","meta":[],"product_cat":[15],"product_tag":[],"_links":{"self":[{"href":"https:\/\/zlatesperky-rb.cz\/index.php?rest_route=\/wp\/v2\/product\/2512"}],"collection":[{"href":"https:\/\/zlatesperky-rb.cz\/index.php?rest_route=\/wp\/v2\/product"}],"about":[{"href":"https:\/\/zlatesperky-rb.cz\/index.php?rest_route=\/wp\/v2\/types\/product"}],"wp:featuredmedia":[{"embeddable":true,"href":"https:\/\/zlatesperky-rb.cz\/index.php?rest_route=\/wp\/v2\/media\/2487"}],"wp:attachment":[{"href":"https:\/\/zlatesperky-rb.cz\/index.php?rest_route=%2Fwp%2Fv2%2Fmedia&parent=2512"}],"wp:term":[{"taxonomy":"product_cat","embeddable":true,"href":"https:\/\/zlatesperky-rb.cz\/index.php?rest_route=%2Fwp%2Fv2%2Fproduct_cat&post=2512"},{"taxonomy":"product_tag","embeddable":true,"href":"https:\/\/zlatesperky-rb.cz\/index.php?rest_route=%2Fwp%2Fv2%2Fproduct_tag&post=2512"}],"curies":[{"name":"wp","href":"https:\/\/api.w.org\/{rel}","templated":true}]}}