{"id":911,"date":"2021-09-05T20:09:31","date_gmt":"2021-09-05T20:09:31","guid":{"rendered":"http:\/\/www.zlatesperkyrb.cz.uvirt111.active24.cz\/?post_type=product&#038;p=911"},"modified":"2021-09-15T11:57:07","modified_gmt":"2021-09-15T11:57:07","slug":"souprava","status":"publish","type":"product","link":"https:\/\/zlatesperky-rb.cz\/?product=souprava","title":{"rendered":"Souprava perlov\u00e1"},"content":{"rendered":"<p>Souprava perlov\u00e1 v b\u00edl\u00e9m 14 kar zlat\u011b ru\u010dn\u00ed pr\u00e1ce.<\/p>\n<p>Perly jsou p\u0159\u00edrodn\u00ed barokn\u00ed sladkovodn\u00ed v lila barv\u011b a kr\u00e1sn\u011b lad\u00ed s p\u0159\u00edrodn\u00edm fialov\u00fdm ametystem.<\/p>\n<p>&nbsp;<\/p>\n","protected":false},"excerpt":{"rendered":"<ul>\n<li>v\u00e1ha p\u0159\u00edv\u011b\u0161ku 1,6 g \/ 14kr \/<\/li>\n<li>d\u00e9lka p\u0159\u00edv\u011b\u0161ku 45cm<\/li>\n<li>velikost perly 18&#215;12 mm<\/li>\n<li>velikost p\u0159\u00edrodn\u00edch ametystu 4 mm ,4 ks.<\/li>\n<li>cena p\u0159\u00edv\u011b\u0161ku\u00a0 8900 k\u010d<\/li>\n<li>v\u00e1ha n\u00e1u\u0161nic\u00a0 3,8 g \/ 14 kr \/<\/li>\n<li>8 ks vel. 4 mm\u00a0 ametystu v n\u00e1u\u0161nic\u00edch<\/li>\n<li>cena n\u00e1u\u0161nic 18900 k\u010d<\/li>\n<\/ul>\n","protected":false},"featured_media":793,"template":"","meta":[],"product_cat":[19],"product_tag":[],"_links":{"self":[{"href":"https:\/\/zlatesperky-rb.cz\/index.php?rest_route=\/wp\/v2\/product\/911"}],"collection":[{"href":"https:\/\/zlatesperky-rb.cz\/index.php?rest_route=\/wp\/v2\/product"}],"about":[{"href":"https:\/\/zlatesperky-rb.cz\/index.php?rest_route=\/wp\/v2\/types\/product"}],"wp:featuredmedia":[{"embeddable":true,"href":"https:\/\/zlatesperky-rb.cz\/index.php?rest_route=\/wp\/v2\/media\/793"}],"wp:attachment":[{"href":"https:\/\/zlatesperky-rb.cz\/index.php?rest_route=%2Fwp%2Fv2%2Fmedia&parent=911"}],"wp:term":[{"taxonomy":"product_cat","embeddable":true,"href":"https:\/\/zlatesperky-rb.cz\/index.php?rest_route=%2Fwp%2Fv2%2Fproduct_cat&post=911"},{"taxonomy":"product_tag","embeddable":true,"href":"https:\/\/zlatesperky-rb.cz\/index.php?rest_route=%2Fwp%2Fv2%2Fproduct_tag&post=911"}],"curies":[{"name":"wp","href":"https:\/\/api.w.org\/{rel}","templated":true}]}}