{"id":950,"date":"2021-09-07T18:35:59","date_gmt":"2021-09-07T18:35:59","guid":{"rendered":"http:\/\/www.zlatesperkyrb.cz.uvirt111.active24.cz\/?post_type=product&#038;p=950"},"modified":"2021-09-15T20:39:44","modified_gmt":"2021-09-15T20:39:44","slug":"nausnice","status":"publish","type":"product","link":"https:\/\/zlatesperky-rb.cz\/?product=nausnice","title":{"rendered":"N\u00e1u\u0161nice s kyti\u010dkou"},"content":{"rendered":"<p>N\u00e1u\u0161nice s perle\u0165ovou kyti\u010dkou v b\u00edl\u00e9m zlat\u011b ve st\u0159edu kv\u011btu je perli\u010dka sladkovodn\u00ed o velikosti 3,5 mm.<\/p>\n<p>N\u00e1u\u0161nice jsou vyroben\u00e9 pouze v jednom proveden\u00ed.<\/p>\n","protected":false},"excerpt":{"rendered":"<ul>\n<li>n\u00e1u\u0161nice b\u00edl\u00e9 zlato 14 kr<\/li>\n<li>velikost n\u00e1u\u0161nic \/ d\u00e9lka 23 mm,\u0161\u00ed\u0159e 17 mm\/<\/li>\n<li>zap\u00edn\u00e1n\u00ed patentov\u00e9<\/li>\n<li>pr\u016fm\u011br kyti\u010dky 17 mm<\/li>\n<\/ul>\n","protected":false},"featured_media":677,"template":"","meta":[],"product_cat":[22,29],"product_tag":[],"_links":{"self":[{"href":"https:\/\/zlatesperky-rb.cz\/index.php?rest_route=\/wp\/v2\/product\/950"}],"collection":[{"href":"https:\/\/zlatesperky-rb.cz\/index.php?rest_route=\/wp\/v2\/product"}],"about":[{"href":"https:\/\/zlatesperky-rb.cz\/index.php?rest_route=\/wp\/v2\/types\/product"}],"wp:featuredmedia":[{"embeddable":true,"href":"https:\/\/zlatesperky-rb.cz\/index.php?rest_route=\/wp\/v2\/media\/677"}],"wp:attachment":[{"href":"https:\/\/zlatesperky-rb.cz\/index.php?rest_route=%2Fwp%2Fv2%2Fmedia&parent=950"}],"wp:term":[{"taxonomy":"product_cat","embeddable":true,"href":"https:\/\/zlatesperky-rb.cz\/index.php?rest_route=%2Fwp%2Fv2%2Fproduct_cat&post=950"},{"taxonomy":"product_tag","embeddable":true,"href":"https:\/\/zlatesperky-rb.cz\/index.php?rest_route=%2Fwp%2Fv2%2Fproduct_tag&post=950"}],"curies":[{"name":"wp","href":"https:\/\/api.w.org\/{rel}","templated":true}]}}