{"id":968,"date":"2021-09-08T21:28:11","date_gmt":"2021-09-08T21:28:11","guid":{"rendered":"http:\/\/www.zlatesperkyrb.cz.uvirt111.active24.cz\/?post_type=product&#038;p=968"},"modified":"2021-09-15T20:51:13","modified_gmt":"2021-09-15T20:51:13","slug":"prsten-17","status":"publish","type":"product","link":"https:\/\/zlatesperky-rb.cz\/?product=prsten-17","title":{"rendered":"Prsten kor\u00e1lov\u00fd"},"content":{"rendered":"<p>Prsten s p\u0159\u00edrodn\u00edm mo\u0159sk\u00fdm kor\u00e1lem jeden kus ru\u010dn\u011b vyr\u00e1b\u011bn .<\/p>\n<p>Prsten lze vyrobit i v jin\u00e9 velikosti a barvy kamen\u016f.<\/p>\n<p>K prstenu lze vyrobit i nau\u0161nice\u00a0 nebo p\u0159\u00edv\u011b\u0161ek.<\/p>\n","protected":false},"excerpt":{"rendered":"<ul>\n<li>v\u00e1ha prstenu 3,8g \/14 kr zlata\/ \u017elut\u00e9 barvy<\/li>\n<li>velikost prstenu 55<\/li>\n<li>velikost mo\u0159sk\u00e9ho p\u0159\u00edrodn\u00edho kor\u00e1lu 8&#215;6 mm<\/li>\n<\/ul>\n","protected":false},"featured_media":983,"template":"","meta":[],"product_cat":[20,27],"product_tag":[],"_links":{"self":[{"href":"https:\/\/zlatesperky-rb.cz\/index.php?rest_route=\/wp\/v2\/product\/968"}],"collection":[{"href":"https:\/\/zlatesperky-rb.cz\/index.php?rest_route=\/wp\/v2\/product"}],"about":[{"href":"https:\/\/zlatesperky-rb.cz\/index.php?rest_route=\/wp\/v2\/types\/product"}],"wp:featuredmedia":[{"embeddable":true,"href":"https:\/\/zlatesperky-rb.cz\/index.php?rest_route=\/wp\/v2\/media\/983"}],"wp:attachment":[{"href":"https:\/\/zlatesperky-rb.cz\/index.php?rest_route=%2Fwp%2Fv2%2Fmedia&parent=968"}],"wp:term":[{"taxonomy":"product_cat","embeddable":true,"href":"https:\/\/zlatesperky-rb.cz\/index.php?rest_route=%2Fwp%2Fv2%2Fproduct_cat&post=968"},{"taxonomy":"product_tag","embeddable":true,"href":"https:\/\/zlatesperky-rb.cz\/index.php?rest_route=%2Fwp%2Fv2%2Fproduct_tag&post=968"}],"curies":[{"name":"wp","href":"https:\/\/api.w.org\/{rel}","templated":true}]}}